{"id":859,"date":"2023-06-22T21:19:48","date_gmt":"2023-06-22T19:19:48","guid":{"rendered":"https:\/\/www.queerpridedd.org\/?page_id=859"},"modified":"2023-06-22T21:19:48","modified_gmt":"2023-06-22T19:19:48","slug":"redebeitrag-gerede-e-v","status":"publish","type":"page","link":"https:\/\/www.queerpridedd.org\/index.php\/redebeitrag-gerede-e-v\/","title":{"rendered":"Redebeitrag Gerede e.V."},"content":{"rendered":"\n<h2 class=\"wp-block-heading\">Spendenaufruf<\/h2>\n\n\n\n<p>Support f\u00fcr Levi \u2013 Gerechtigkeit f\u00fcr uns alle!<\/p>\n\n\n\n<p>Levi, ein junger Mensch aus Sachsen, braucht Unterst\u00fctzung in einem Rechtsstreit gegen den Freistaat Sachsen. Levi k\u00e4mpft um die korrekte geschlechtliche Berufsbezeichnung in der staatlichen Anerkennungsurkunde. Die seit 2019 geltende Regelung im Personenstandrecht, dass neben m\u00e4nnlich und weiblich auch divers oder das Offenlassen als M\u00f6glichkeit bestehen muss, erf\u00e4hrt in nachfolgenden Landesgesetzen und Vorschriften wie im S\u00e4chsischen Sozialanerkennungsgesetz keine rechtliche Umsetzung. Eine Bezeichnung als \u201eStaatlich anerkannte*r Sozialarbeiter*in\/Sozialp\u00e4dagog*in\u201c wurde von der ausf\u00fchrenden Beh\u00f6rde verwehrt. Levi schloss im Juli 2018 erfolgreich ein Studium der Sozialen Arbeit an der Evangelischen Hochschule in Dresden ab. Mit Abschluss des Bachelor of Arts und der Pr\u00fcfung zur staatlichen Anerkennung hatte Levi folglich bei der Landesdirektion Sachsen die Urkunde zur staatlichen Anerkennung im November 2018 beantragt. Paragraf 1 Absatz 5 des S\u00e4chsischen Sozialanerkennungsgesetzes besagt, dass die geschlechtliche Bezeichnung in der Anerkennungsurkunde in m\u00e4nnlicher oder weiblicher Form ausgestellt werden kann. Eine Variante f\u00fcr weitere Geschlechter ist nicht vorgesehen. Es folgte eine 14-monatige Auseinandersetzung mit der Beh\u00f6rde. Innerhalb des Verfahrens wendete sich die Landesdirektion zweimal an das S\u00e4chsische Staatsministerium f\u00fcr Kultus und legte die betreffenden Unterlagen vor. Diese langwierige Auseinandersetzung blieb ohne Erfolg. Am 6. November 2019 erteilte die Landesdirektion Sachsen schlie\u00dflich einen Widerspruchsbescheid, so dass als letzter Ausweg nur noch eine Klage vor dem Verwaltungsgericht Dresden blieb. Levi nahm im Dezember 2019 Kontakt zu der Kanzlei geRechtsanw\u00e4ltinnen auf und reichte, vertreten durch die Rechtsanw\u00e4ltin Frederike Boll, am 20. Dezember 2019 Klage beim Verwaltungsgericht Dresden ein. Die Klage ist nun in der ersten Instanz gescheitert. Jetzt folgt die n\u00e4chste Instanz\u00a0\u2013 das Oberverwaltungsgericht. Levis Anw\u00e4ltin rechnet mit guten Erfolgsaussichten, auch wenn Levi daf\u00fcr bis zum Bundesverwaltungsgericht klagen muss. Seither wird Levi von einer Reihe queerer Aktivist*innen rechtlich und politisch unterst\u00fctzt. Das Klageverfahren braucht einerseits personelle und zeitliche Kapazit\u00e4ten und andererseits vor allem auch finanzielle Ressourcen. F\u00fcr alle Instanzen sind dies Kosten von rund 10.000 Euro. Geld, das Levi allein nicht aufbringen kann. Um den Prozess, dessen Kosten und den Kampf f\u00fcr Levis Rechte erfolgreich bestehen zu k\u00f6nnen, braucht Levi unser aller Unterst\u00fctzung \u2013 finanziell, rechtlich und politisch. Denn der Kampf f\u00fcr Levis Rechte ist auch ein Kampf sowohl f\u00fcr sexuelle und geschlechtliche Selbstbestimmung als auch f\u00fcr die Anerkennung aller Geschlechtsidentit\u00e4ten in Sachsen. Levi hat ein Recht auf staatliche Anerkennung der eigenen Geschlechtsidentit\u00e4t! Und wir alle haben ein Recht darauf, dass der Freistaat Sachsen die Umsetzung des dritten Geschlechtseintrages endlich diskriminierungsfrei umsetzt! Wir rechnen mit einem Erfolg und damit der Schaffung eines Pr\u00e4zedenzfalles f\u00fcr viele weitere Betroffene. In diesem Fall werden nicht alle gesammelten Spenden f\u00fcr den Rechtsstreit gebraucht und kommen queeren Bildungsprojekten in Sachsen zugute. Wir stellen uns klar an Levis Seite und w\u00fcnschen viel Kraft bei dem Kampf um Gerechtigkeit!\u00a0<\/p>\n\n\n\n<p>Bitte unterst\u00fctzt auch ihr Levi:&nbsp;<\/p>\n\n\n\n<p>Spendenkonto:\u00a0<br>Kontoinhaber: elinor Treuhand e.V.\u00a0<br>IBAN: DE48 4306 0967 7918 8877 00\u00a0<br>BIC: GENODEM1GLS\u00a0<br>Verwendungszweck (bitte immer angeben!): ELINORAL2KHZ<\/p>\n","protected":false},"excerpt":{"rendered":"<p>Spendenaufruf Support f\u00fcr Levi \u2013 Gerechtigkeit f\u00fcr uns alle! Levi, ein junger Mensch aus Sachsen, braucht Unterst\u00fctzung in einem Rechtsstreit gegen den Freistaat Sachsen. Levi k\u00e4mpft um die korrekte geschlechtliche Berufsbezeichnung in der staatlichen Anerkennungsurkunde. Die seit 2019 geltende Regelung im Personenstandrecht, dass neben m\u00e4nnlich und weiblich auch divers oder das Offenlassen als M\u00f6glichkeit bestehen <a href=\"https:\/\/www.queerpridedd.org\/index.php\/redebeitrag-gerede-e-v\/\" class=\"more-link\">&#8230;<span class=\"screen-reader-text\">  Redebeitrag Gerede e.V.<\/span><\/a><\/p>\n","protected":false},"author":1,"featured_media":0,"parent":0,"menu_order":0,"comment_status":"closed","ping_status":"closed","template":"","meta":{"footnotes":""},"class_list":["post-859","page","type-page","status-publish","hentry"],"_links":{"self":[{"href":"https:\/\/www.queerpridedd.org\/index.php\/wp-json\/wp\/v2\/pages\/859","targetHints":{"allow":["GET"]}}],"collection":[{"href":"https:\/\/www.queerpridedd.org\/index.php\/wp-json\/wp\/v2\/pages"}],"about":[{"href":"https:\/\/www.queerpridedd.org\/index.php\/wp-json\/wp\/v2\/types\/page"}],"author":[{"embeddable":true,"href":"https:\/\/www.queerpridedd.org\/index.php\/wp-json\/wp\/v2\/users\/1"}],"replies":[{"embeddable":true,"href":"https:\/\/www.queerpridedd.org\/index.php\/wp-json\/wp\/v2\/comments?post=859"}],"version-history":[{"count":1,"href":"https:\/\/www.queerpridedd.org\/index.php\/wp-json\/wp\/v2\/pages\/859\/revisions"}],"predecessor-version":[{"id":860,"href":"https:\/\/www.queerpridedd.org\/index.php\/wp-json\/wp\/v2\/pages\/859\/revisions\/860"}],"wp:attachment":[{"href":"https:\/\/www.queerpridedd.org\/index.php\/wp-json\/wp\/v2\/media?parent=859"}],"curies":[{"name":"wp","href":"https:\/\/api.w.org\/{rel}","templated":true}]}}