{"id":666,"date":"2023-05-14T20:35:07","date_gmt":"2023-05-14T18:35:07","guid":{"rendered":"https:\/\/www.queerpridedd.org\/?page_id=666"},"modified":"2023-06-23T16:43:49","modified_gmt":"2023-06-23T14:43:49","slug":"24-06-2023","status":"publish","type":"page","link":"https:\/\/www.queerpridedd.org\/index.php\/24-06-2023\/","title":{"rendered":"24.06.2023"},"content":{"rendered":"\n<p>Liebe Queers, liebe Allies!<\/p>\n\n\n\n<p>Am 24. Juni 2023 um 14 Uhr treffen wir uns am Hauptbahnhof zur dritten <strong>Queer Pride Dresden<\/strong>!<\/p>\n\n\n\n<p>Gegen 15:30 machen wir einen kleinen Zwischenstopp auf dem Theaterplatz und h\u00f6ren ein paar der tollen <a href=\"https:\/\/www.queerpridedd.org\/index.php\/reden-2023\/\">Redebeitr\u00e4ge<\/a> des Tages. Der Zug endet am Alaunplatz um 17 Uhr.<\/p>\n\n\n\n<p>Zum Ende des Tages findet eine <a href=\"https:\/\/www.queerpridedd.org\/index.php\/afterparty\/\" data-type=\"page\" data-id=\"718\">Afterparty<\/a> im <a href=\"https:\/\/objektkleina.com\/\" data-type=\"URL\" data-id=\"https:\/\/objektkleina.com\/\">objekt klein a<\/a> ab 19 Uhr statt.<\/p>\n\n\n\n<p>Bitte <a href=\"https:\/\/www.queerpridedd.org\/index.php\/kontakt\/\">schreibt uns<\/a> an, wenn ihr ein Anliegen habt.<\/p>\n\n\n\n<h3 class=\"wp-block-heading\">Route und Anfahrt<\/h3>\n\n\n\n<p>Die Route der Demo ist etw 5,5km lang. Wir werden nur \u00fcber flachen Boden gehen und damit ist die Route komplett rollbar. <\/p>\n\n\n\n<figure class=\"wp-block-table is-style-stripes\"><table><thead><tr><th><strong>Routenpunkt<\/strong><\/th><th><strong>Zugang durch \u00d6PNV<\/strong>-Station<\/th><\/tr><\/thead><tbody><tr><td><strong>Start:<\/strong> Wiener Platz<\/td><td>Hauptbahnhof<\/td><\/tr><tr><td>St. Petersburger Stra\u00dfe<\/td><td>Hbf Nord<em>, <\/em>Walpurgisstra\u00dfe<\/td><\/tr><tr><td>Altmarkt<\/td><td>Altmarkt<\/td><\/tr><tr><td>Augustusbr\u00fccke<\/td><td>Neust\u00e4dter Markt<\/td><\/tr><tr><td>Carolaplatz<\/td><td>Carolaplatz<\/td><\/tr><tr><td>Albertplatz<\/td><td>Albertplatz<\/td><\/tr><tr><td><strong>Ende:<\/strong> Alaunplatz<\/td><td>Alaunplatz<\/td><\/tr><\/tbody><\/table><\/figure>\n\n\n\n<figure class=\"wp-block-image size-large\"><img loading=\"lazy\" decoding=\"async\" width=\"1024\" height=\"1024\" src=\"https:\/\/www.queerpridedd.org\/wp-content\/uploads\/2023\/06\/Demo-Route-2023-1024x1024.jpg\" alt=\"Abstrakte Illustration der Demo-Route.\n\nText auf der linken Seite sagt:\n\nStart: 14:00 Uhr\nHauptbahnhof\n\nEnde: 17:00 Uhr\nAlaunpark\n\nAftershow: 19:00 Uhr\nobjekt klein a\" class=\"wp-image-706\" srcset=\"https:\/\/www.queerpridedd.org\/wp-content\/uploads\/2023\/06\/Demo-Route-2023-1024x1024.jpg 1024w, https:\/\/www.queerpridedd.org\/wp-content\/uploads\/2023\/06\/Demo-Route-2023-300x300.jpg 300w, https:\/\/www.queerpridedd.org\/wp-content\/uploads\/2023\/06\/Demo-Route-2023-150x150.jpg 150w, https:\/\/www.queerpridedd.org\/wp-content\/uploads\/2023\/06\/Demo-Route-2023.jpg 1200w\" sizes=\"auto, (max-width: 1024px) 100vw, 1024px\" \/><\/figure>\n\n\n\n<h3 class=\"wp-block-heading\">Bl\u00f6cke und Lineup<\/h3>\n\n\n\n<p>Es gibt keine festen thematischen Bl\u00f6cke bei der Pride. Ganz vorn laufen Rythms of Resistance (DD\/Wroc\u0142aw), der erste Block ist <strong>queers only<\/strong>. Wir freuen uns \u00fcber Schilder und Transparente, die queerpolitische Forderungen stellen. Auf Nationalflaggen haben wir dagegen keinen Bock. Parteien reihen sich bitte hinten ein.<\/p>\n\n\n\n<ul class=\"wp-block-list\">\n<li>Truck 1: L_Sa &amp; Jane Toni\u00e7<\/li>\n\n\n\n<li>Truck 2: House of Them<\/li>\n\n\n\n<li>Truck 3: LadyBug &amp; n\u00f8vo&nbsp;<\/li>\n<\/ul>\n\n\n\n<h3 class=\"wp-block-heading\">Reden<\/h3>\n\n\n\n<p id=\"block-bbaf6ac8-b9ac-4a08-9968-090407ad994d\">Alle Reden werden auf dem ersten Truck in Deutsche Geb\u00e4rdensprache \u00fcbersetzt. Au\u00dferdem gibt es sie hier auf <a href=\"https:\/\/www.queerpridedd.org\/index.php\/en\/speeches-2023\/\">Englisch<\/a> und <a href=\"https:\/\/www.queerpridedd.org\/index.php\/reden-2023\/\">Deutsch<\/a> zum Lesen. Wir haben Beitr\u00e4ge von folgenen tollen Gruppen und Organisationen:<\/p>\n\n\n\n<p>Startkundgebung:<\/p>\n\n\n\n<ul class=\"wp-block-list\">\n<li>Queer Pride<\/li>\n\n\n\n<li><a href=\"https:\/\/gerede-dresden.de\">Gerede e.V.<\/a><\/li>\n\n\n\n<li><a href=\"https:\/\/csd-zwickau.de\/\">CSD Zwickau<\/a><\/li>\n<\/ul>\n\n\n\n<p>Zwischenkundgebung am Theaterplatz:<\/p>\n\n\n\n<ul class=\"wp-block-list\">\n<li><a href=\"https:\/\/www.instagram.com\/antifakollektiv_dd\/\">Antifaschistisches Kollektiv Dresden<\/a><\/li>\n\n\n\n<li><a href=\"https:\/\/www.seebruecke.org\/de\/mach-mit\/deutschland\/sachsen\/dresden\">Seebr\u00fccke Dresden<\/a><\/li>\n\n\n\n<li><a href=\"http:\/\/www.instagram.com\/feministisches_forum\/\">feministisches*forum G\u00f6rlitz<\/a><\/li>\n\n\n\n<li>anti*-Vernetzung Dresden (agender, nichtbin\u00e4r, trans, inter)<\/li>\n<\/ul>\n\n\n\n<p>Abschlusskundgebung:<\/p>\n\n\n\n<ul class=\"wp-block-list\">\n<li>Radical Rainbows<\/li>\n\n\n\n<li><a href=\"https:\/\/twitter.com\/AntifaLoebtau\">Antifaschistische Initiative L\u00f6btau<\/a><\/li>\n\n\n\n<li><a href=\"https:\/\/fffdd.de\/\">Fridays for Future Dresden<\/a><\/li>\n<\/ul>\n\n\n\n<h3 class=\"wp-block-heading\">Was sollte ich mitbringen? Was besser nicht?<\/h3>\n\n\n\n<p>Denke an Wasser, Snacks, Sonnenschutz und bei Bedarf Geh\u00f6rschutz. Die Pride ist ein prima Ort, um dich und dein Outfit zu pr\u00e4sentieren. Bitte verwende dabei aber keine Logos von Armee\/Polizei und Dinge, die nach Waffen aussehen. Denn Stonewall war ein Riot &#8211; wir wollen staatliche Repression nicht heroisieren. FFP2-Masken sind gern gesehen, genauso wie Puppies. F\u00fcr Rassismus, Sexismus, Queerfeindlichkeit und Antsemitismus ist dagegen kein Platz auf der Pride!<\/p>\n\n\n\n<h3 class=\"wp-block-heading\">K\u00f6rperlichkeit, Kink &amp; Konsens<\/h3>\n\n\n\n<p>Queeres Herumgeknutsche, Free Hugs und Kinks haben ihren berechtigten Platz auf der Pride &#8211; solange alle Beteiligten ihren Konsens dazu geben. Bitte frag\u2018 im Zweifelsfall vor Umarmungen und so weiter bei deinem Gegen\u00fcber nach!<\/p>\n\n\n\n<p>Den eigenen K\u00f6rper nicht verstecken zu m\u00fcssen kann ein gro\u00dfartiges Gef\u00fchl und sehr befreiend sein. Gerade M\u00e4nner bitten wir darum, darauf zu achten, dass sich andere deswegen nicht unwohl f\u00fchlen und damit eingeschr\u00e4nkt werden. Nehmt bitte entsprechend R\u00fccksicht und sicherheitshalber ein Ersatz-T-Shirt mit.<\/p>\n\n\n\n<p><strong>Let\u2018s be gentle with each other so that we can be dangerous together!<\/strong><\/p>\n\n\n\n<h3 class=\"wp-block-heading\">Awareness und 1. Hilfe<\/h3>\n\n\n\n<p>Es wird Helfer*innen geben, die ihr ansprechen k\u00f6nnt, wenn ihr euch nicht wohl oder nicht sicher f\u00fchlt oder wenn ihr etwas unangenehmes erlebt. Z\u00f6gert nicht, unser Awareness-Team daf\u00fcr anzusprechen. Au\u00dferdem haben wir Demo-Sanis f\u00fcr die Versorgung bei medizinischen Problemen und Notf\u00e4llen.<\/p>\n\n\n\n<h3 class=\"wp-block-heading\">Kinderbetreuung w\u00e4hrend der Demo<\/h3>\n\n\n\n<p>Wir bieten die M\u00f6glichkeit zur station\u00e4ren Betreuung von Kindern ab 2 Jahren im Alaunpark w\u00e4hrend der Demo. Wenn ihr die Betreuung in Anspruch nehmen wollt, schreibt bitte bis zum 23.06.2023 eine Mail an: <a href=\"mailto:KinderbetreuungDD@protonmail.com\">KinderbetreuungDD@protonmail.com<\/a> mit folgenden Infos: <\/p>\n\n\n\n<ul class=\"wp-block-list\">\n<li>Alter des Kindes,<\/li>\n\n\n\n<li>gew\u00fcnschter Zeitraum f\u00fcr die Betreuung,<\/li>\n\n\n\n<li>wird irgendetwas bestimmtes ben\u00f6tigt?<\/li>\n<\/ul>\n\n\n\n<h3 class=\"wp-block-heading\">Wie kann ich die Pride supporten?<\/h3>\n\n\n\n<p>Wir freuen uns, wenn du anderen Menschen von der Pride erz\u00e4hlst und sie dazu einl\u00e4dst. Au\u00dferdem brauchen wir noch Geld-Spenden, damit wir unsere Ideen umsetzen k\u00f6nnen. Die Spendeninformationen sind <a href=\"https:\/\/www.queerpridedd.org\/index.php\/spenden\/\">hier<\/a> zu finden.<\/p>\n","protected":false},"excerpt":{"rendered":"<p>Liebe Queers, liebe Allies! Am 24. Juni 2023 um 14 Uhr treffen wir uns am Hauptbahnhof zur dritten Queer Pride Dresden! Gegen 15:30 machen wir einen kleinen Zwischenstopp auf dem Theaterplatz und h\u00f6ren ein paar der tollen Redebeitr\u00e4ge des Tages. Der Zug endet am Alaunplatz um 17 Uhr. Zum Ende des Tages findet eine Afterparty <a href=\"https:\/\/www.queerpridedd.org\/index.php\/24-06-2023\/\" class=\"more-link\">&#8230;<span class=\"screen-reader-text\">  24.06.2023<\/span><\/a><\/p>\n","protected":false},"author":1,"featured_media":0,"parent":0,"menu_order":0,"comment_status":"closed","ping_status":"closed","template":"","meta":{"footnotes":""},"class_list":["post-666","page","type-page","status-publish","hentry"],"_links":{"self":[{"href":"https:\/\/www.queerpridedd.org\/index.php\/wp-json\/wp\/v2\/pages\/666","targetHints":{"allow":["GET"]}}],"collection":[{"href":"https:\/\/www.queerpridedd.org\/index.php\/wp-json\/wp\/v2\/pages"}],"about":[{"href":"https:\/\/www.queerpridedd.org\/index.php\/wp-json\/wp\/v2\/types\/page"}],"author":[{"embeddable":true,"href":"https:\/\/www.queerpridedd.org\/index.php\/wp-json\/wp\/v2\/users\/1"}],"replies":[{"embeddable":true,"href":"https:\/\/www.queerpridedd.org\/index.php\/wp-json\/wp\/v2\/comments?post=666"}],"version-history":[{"count":14,"href":"https:\/\/www.queerpridedd.org\/index.php\/wp-json\/wp\/v2\/pages\/666\/revisions"}],"predecessor-version":[{"id":896,"href":"https:\/\/www.queerpridedd.org\/index.php\/wp-json\/wp\/v2\/pages\/666\/revisions\/896"}],"wp:attachment":[{"href":"https:\/\/www.queerpridedd.org\/index.php\/wp-json\/wp\/v2\/media?parent=666"}],"curies":[{"name":"wp","href":"https:\/\/api.w.org\/{rel}","templated":true}]}}

<p>Liebe Queers, liebe Allies!</p>



<p>Am 24. Juni 2023 um 14 Uhr treffen wir uns am Hauptbahnhof zur dritten <strong>Queer Pride Dresden</strong>!</p>



<p>Gegen 15:30 machen wir einen kleinen Zwischenstopp auf dem Theaterplatz und hören ein paar der tollen <a href="https://www.queerpridedd.org/index.php/reden-2023/">Redebeiträge</a> des Tages. Der Zug endet am Alaunplatz um 17 Uhr.</p>



<p>Zum Ende des Tages findet eine <a href="https://www.queerpridedd.org/index.php/afterparty/" data-type="page" data-id="718">Afterparty</a> im <a href="https://objektkleina.com/" data-type="URL" data-id="https://objektkleina.com/">objekt klein a</a> ab 19 Uhr statt.</p>



<p>Bitte <a href="https://www.queerpridedd.org/index.php/kontakt/">schreibt uns</a> an, wenn ihr ein Anliegen habt.</p>



<h3 class="wp-block-heading">Route und Anfahrt</h3>



<p>Die Route der Demo ist etw 5,5km lang. Wir werden nur über flachen Boden gehen und damit ist die Route komplett rollbar. </p>



<figure class="wp-block-table is-style-stripes"><table><thead><tr><th><strong>Routenpunkt</strong></th><th><strong>Zugang durch ÖPNV</strong>-Station</th></tr></thead><tbody><tr><td><strong>Start:</strong> Wiener Platz</td><td>Hauptbahnhof</td></tr><tr><td>St. Petersburger Straße</td><td>Hbf Nord<em>, </em>Walpurgisstraße</td></tr><tr><td>Altmarkt</td><td>Altmarkt</td></tr><tr><td>Augustusbrücke</td><td>Neustädter Markt</td></tr><tr><td>Carolaplatz</td><td>Carolaplatz</td></tr><tr><td>Albertplatz</td><td>Albertplatz</td></tr><tr><td><strong>Ende:</strong> Alaunplatz</td><td>Alaunplatz</td></tr></tbody></table></figure>



<figure class="wp-block-image size-large"><img loading="lazy" decoding="async" width="1024" height="1024" src="https://www.queerpridedd.org/wp-content/uploads/2023/06/Demo-Route-2023-1024x1024.jpg" alt="Abstrakte Illustration der Demo-Route.

Text auf der linken Seite sagt:

Start: 14:00 Uhr
Hauptbahnhof

Ende: 17:00 Uhr
Alaunpark

Aftershow: 19:00 Uhr
objekt klein a" class="wp-image-706" srcset="https://www.queerpridedd.org/wp-content/uploads/2023/06/Demo-Route-2023-1024x1024.jpg 1024w, https://www.queerpridedd.org/wp-content/uploads/2023/06/Demo-Route-2023-300x300.jpg 300w, https://www.queerpridedd.org/wp-content/uploads/2023/06/Demo-Route-2023-150x150.jpg 150w, https://www.queerpridedd.org/wp-content/uploads/2023/06/Demo-Route-2023.jpg 1200w" sizes="auto, (max-width: 1024px) 100vw, 1024px" /></figure>



<h3 class="wp-block-heading">Blöcke und Lineup</h3>



<p>Es gibt keine festen thematischen Blöcke bei der Pride. Ganz vorn laufen Rythms of Resistance (DD/Wrocław), der erste Block ist <strong>queers only</strong>. Wir freuen uns über Schilder und Transparente, die queerpolitische Forderungen stellen. Auf Nationalflaggen haben wir dagegen keinen Bock. Parteien reihen sich bitte hinten ein.</p>



<ul class="wp-block-list">
<li>Truck 1: L_Sa &amp; Jane Toniç</li>



<li>Truck 2: House of Them</li>



<li>Truck 3: LadyBug &amp; nøvo&nbsp;</li>
</ul>



<h3 class="wp-block-heading">Reden</h3>



<p id="block-bbaf6ac8-b9ac-4a08-9968-090407ad994d">Alle Reden werden auf dem ersten Truck in Deutsche Gebärdensprache übersetzt. Außerdem gibt es sie hier auf <a href="https://www.queerpridedd.org/index.php/en/speeches-2023/">Englisch</a> und <a href="https://www.queerpridedd.org/index.php/reden-2023/">Deutsch</a> zum Lesen. Wir haben Beiträge von folgenen tollen Gruppen und Organisationen:</p>



<p>Startkundgebung:</p>



<ul class="wp-block-list">
<li>Queer Pride</li>



<li><a href="https://gerede-dresden.de">Gerede e.V.</a></li>



<li><a href="https://csd-zwickau.de/">CSD Zwickau</a></li>
</ul>



<p>Zwischenkundgebung am Theaterplatz:</p>



<ul class="wp-block-list">
<li><a href="https://www.instagram.com/antifakollektiv_dd/">Antifaschistisches Kollektiv Dresden</a></li>



<li><a href="https://www.seebruecke.org/de/mach-mit/deutschland/sachsen/dresden">Seebrücke Dresden</a></li>



<li><a href="http://www.instagram.com/feministisches_forum/">feministisches*forum Görlitz</a></li>



<li>anti*-Vernetzung Dresden (agender, nichtbinär, trans, inter)</li>
</ul>



<p>Abschlusskundgebung:</p>



<ul class="wp-block-list">
<li>Radical Rainbows</li>



<li><a href="https://twitter.com/AntifaLoebtau">Antifaschistische Initiative Löbtau</a></li>



<li><a href="https://fffdd.de/">Fridays for Future Dresden</a></li>
</ul>



<h3 class="wp-block-heading">Was sollte ich mitbringen? Was besser nicht?</h3>



<p>Denke an Wasser, Snacks, Sonnenschutz und bei Bedarf Gehörschutz. Die Pride ist ein prima Ort, um dich und dein Outfit zu präsentieren. Bitte verwende dabei aber keine Logos von Armee/Polizei und Dinge, die nach Waffen aussehen. Denn Stonewall war ein Riot &#8211; wir wollen staatliche Repression nicht heroisieren. FFP2-Masken sind gern gesehen, genauso wie Puppies. Für Rassismus, Sexismus, Queerfeindlichkeit und Antsemitismus ist dagegen kein Platz auf der Pride!</p>



<h3 class="wp-block-heading">Körperlichkeit, Kink &amp; Konsens</h3>



<p>Queeres Herumgeknutsche, Free Hugs und Kinks haben ihren berechtigten Platz auf der Pride &#8211; solange alle Beteiligten ihren Konsens dazu geben. Bitte frag‘ im Zweifelsfall vor Umarmungen und so weiter bei deinem Gegenüber nach!</p>



<p>Den eigenen Körper nicht verstecken zu müssen kann ein großartiges Gefühl und sehr befreiend sein. Gerade Männer bitten wir darum, darauf zu achten, dass sich andere deswegen nicht unwohl fühlen und damit eingeschränkt werden. Nehmt bitte entsprechend Rücksicht und sicherheitshalber ein Ersatz-T-Shirt mit.</p>



<p><strong>Let‘s be gentle with each other so that we can be dangerous together!</strong></p>



<h3 class="wp-block-heading">Awareness und 1. Hilfe</h3>



<p>Es wird Helfer*innen geben, die ihr ansprechen könnt, wenn ihr euch nicht wohl oder nicht sicher fühlt oder wenn ihr etwas unangenehmes erlebt. Zögert nicht, unser Awareness-Team dafür anzusprechen. Außerdem haben wir Demo-Sanis für die Versorgung bei medizinischen Problemen und Notfällen.</p>



<h3 class="wp-block-heading">Kinderbetreuung während der Demo</h3>



<p>Wir bieten die Möglichkeit zur stationären Betreuung von Kindern ab 2 Jahren im Alaunpark während der Demo. Wenn ihr die Betreuung in Anspruch nehmen wollt, schreibt bitte bis zum 23.06.2023 eine Mail an: <a href="mailto:KinderbetreuungDD@protonmail.com">KinderbetreuungDD@protonmail.com</a> mit folgenden Infos: </p>



<ul class="wp-block-list">
<li>Alter des Kindes,</li>



<li>gewünschter Zeitraum für die Betreuung,</li>



<li>wird irgendetwas bestimmtes benötigt?</li>
</ul>



<h3 class="wp-block-heading">Wie kann ich die Pride supporten?</h3>



<p>Wir freuen uns, wenn du anderen Menschen von der Pride erzählst und sie dazu einlädst. Außerdem brauchen wir noch Geld-Spenden, damit wir unsere Ideen umsetzen können. Die Spendeninformationen sind <a href="https://www.queerpridedd.org/index.php/spenden/">hier</a> zu finden.</p>

<p>Liebe Queers, liebe Allies! Am 24. Juni 2023 um 14 Uhr treffen wir uns am Hauptbahnhof zur dritten Queer Pride Dresden! Gegen 15:30 machen wir einen kleinen Zwischenstopp auf dem Theaterplatz und hören ein paar der tollen Redebeiträge des Tages. Der Zug endet am Alaunplatz um 17 Uhr. Zum Ende des Tages findet eine Afterparty <a href="https://www.queerpridedd.org/index.php/24-06-2023/" class="more-link">&#8230;<span class="screen-reader-text">  24.06.2023</span></a></p>
