{"id":430,"date":"2022-06-07T20:09:21","date_gmt":"2022-06-07T18:09:21","guid":{"rendered":"https:\/\/www.queerpridedd.org\/?page_id=430"},"modified":"2022-06-07T20:09:21","modified_gmt":"2022-06-07T18:09:21","slug":"queer-pride-dresden-2022-4","status":"publish","type":"page","link":"https:\/\/www.queerpridedd.org\/index.php\/fr\/queer-pride-dresden-2022-4\/","title":{"rendered":"QUEER PRIDE DRESDEN 2022\u00a0"},"content":{"rendered":"\n<h2 class=\"wp-block-heading\">L&#8217;Invitation!<\/h2>\n\n\n\n<p>Nous vivons toustes \u00e0 Dresde, mais beaucoup d&#8217;entre nous viennent d\u2019ailleurs. Nous parlons le fran\u00e7ais, l&#8217;arabe, l&#8217;espagnol, le saxon et d&#8217;autres langues. Nous nous sommes rencontr\u00e9.e.s l&#8217;ann\u00e9e derni\u00e8re lorsque nous avons organis\u00e9 la premi\u00e8re Queer Pride et depuis, d&#8217;autres personnes nous ont rejoint. Nous sommes un groupe h\u00e9t\u00e9rog\u00e8ne avec des positions diff\u00e9rentes dans la vie. Nous n&#8217;avons pas toustes le m\u00eame niveau de vie, nous n&#8217;avons pas toustes la m\u00eame sant\u00e9, nous n&#8217;avons pas toustes le m\u00eame m\u00e9tier et nous avons toustes des visions diff\u00e9rentes de la vie. Cela rend les choses parfois compliqu\u00e9es, mais aussi particuli\u00e8rement prestigieuses. Et nous avons toustes un point commun : nous sommes queer.&nbsp;<\/p>\n\n\n\n<p>En 2022, nous f\u00eaterons de nouveau une Queer Pride. Il est important pour nous d&#8217;\u00eatre particuli\u00e8rement visibles et audibles dans les rues ce jour-l\u00e0. Notre manifestation commune sera le d\u00e9but d\u2019un r\u00e9seaux plus large ! Surtout apr\u00e8s cette p\u00e9riode difficile de pand\u00e9mie, o\u00f9 beaucoup d&#8217;entre nous se sont senti.e.s seul.e.s. Nous voulons une meilleure vie pour toustes, en particulier pour les personnes queer. Et nous voulons une vie plus s\u00e9curis\u00e9e pour nous et pour toustes les autres. Un regard sur l&#8217;histoire nous montre que pour cela nous devons toujours nous battre. Pas seulement contre les id\u00e9es et les personnes qui nous emp\u00eachent, mais aussi pour nos propres utopies ! Nous avons besoin de r\u00e9seaux, nous avons besoin de lieux, nous avons besoin de groupes et d&#8217;espaces de d\u00e9veloppement !&nbsp;<\/p>\n\n\n\n<p>Pour nous, la Queer Pride n&#8217;est pas seulement une fois par an, mais tous les jours. Nous nous rencontrons r\u00e9guli\u00e8rement dans diff\u00e9rents groupes, lors de c\u00e9l\u00e9brations, d&#8217;\u00e9v\u00e9nements et d&#8217;ateliers. C&#8217;est toute une communaut\u00e9 qui s&#8217;est cr\u00e9\u00e9e. Et nous voulons qu&#8217;elle continue \u00e0 grandir. Pour cela, nous voulons nous relier avec toutes personnes, en particulier dans les villes et les villages environnants, et nous vous invitons \u00e0 Dresde. Nous invitons \u00e9galement toutes les personnes des grandes villes proches, en particulier de Prague, Wroclaw et Leipzig. Nous pensons que ce n&#8217;est qu&#8217;ensemble que nous pourrons construire ces espaces et ces relations.&nbsp;<\/p>\n\n\n\n<p><strong>REJOIGNEZ NOS LUTTES &#8211; REJOIGNEZ LA PRIDE !\u00a0<br>SOIS PARTIE DE NOS LUTTES &#8211; SOIS PARTIE DE LA PRIDE !<\/strong><\/p>\n","protected":false},"excerpt":{"rendered":"<p>L&#8217;Invitation! Nous vivons toustes \u00e0 Dresde, mais beaucoup d&#8217;entre nous viennent d\u2019ailleurs. Nous parlons le fran\u00e7ais, l&#8217;arabe, l&#8217;espagnol, le saxon et d&#8217;autres langues. Nous nous sommes rencontr\u00e9.e.s l&#8217;ann\u00e9e derni\u00e8re lorsque nous avons organis\u00e9 la premi\u00e8re Queer Pride et depuis, d&#8217;autres personnes nous ont rejoint. Nous sommes un groupe h\u00e9t\u00e9rog\u00e8ne avec des positions diff\u00e9rentes dans la <a href=\"https:\/\/www.queerpridedd.org\/index.php\/fr\/queer-pride-dresden-2022-4\/\" class=\"more-link\">&#8230;<span class=\"screen-reader-text\">  QUEER PRIDE DRESDEN 2022\u00a0<\/span><\/a><\/p>\n","protected":false},"author":1,"featured_media":0,"parent":0,"menu_order":0,"comment_status":"closed","ping_status":"closed","template":"","meta":{"footnotes":""},"class_list":["post-430","page","type-page","status-publish","hentry"],"_links":{"self":[{"href":"https:\/\/www.queerpridedd.org\/index.php\/wp-json\/wp\/v2\/pages\/430","targetHints":{"allow":["GET"]}}],"collection":[{"href":"https:\/\/www.queerpridedd.org\/index.php\/wp-json\/wp\/v2\/pages"}],"about":[{"href":"https:\/\/www.queerpridedd.org\/index.php\/wp-json\/wp\/v2\/types\/page"}],"author":[{"embeddable":true,"href":"https:\/\/www.queerpridedd.org\/index.php\/wp-json\/wp\/v2\/users\/1"}],"replies":[{"embeddable":true,"href":"https:\/\/www.queerpridedd.org\/index.php\/wp-json\/wp\/v2\/comments?post=430"}],"version-history":[{"count":1,"href":"https:\/\/www.queerpridedd.org\/index.php\/wp-json\/wp\/v2\/pages\/430\/revisions"}],"predecessor-version":[{"id":431,"href":"https:\/\/www.queerpridedd.org\/index.php\/wp-json\/wp\/v2\/pages\/430\/revisions\/431"}],"wp:attachment":[{"href":"https:\/\/www.queerpridedd.org\/index.php\/wp-json\/wp\/v2\/media?parent=430"}],"curies":[{"name":"wp","href":"https:\/\/api.w.org\/{rel}","templated":true}]}}

<h2 class="wp-block-heading">L&#8217;Invitation!</h2>



<p>Nous vivons toustes à Dresde, mais beaucoup d&#8217;entre nous viennent d’ailleurs. Nous parlons le français, l&#8217;arabe, l&#8217;espagnol, le saxon et d&#8217;autres langues. Nous nous sommes rencontré.e.s l&#8217;année dernière lorsque nous avons organisé la première Queer Pride et depuis, d&#8217;autres personnes nous ont rejoint. Nous sommes un groupe hétérogène avec des positions différentes dans la vie. Nous n&#8217;avons pas toustes le même niveau de vie, nous n&#8217;avons pas toustes la même santé, nous n&#8217;avons pas toustes le même métier et nous avons toustes des visions différentes de la vie. Cela rend les choses parfois compliquées, mais aussi particulièrement prestigieuses. Et nous avons toustes un point commun : nous sommes queer.&nbsp;</p>



<p>En 2022, nous fêterons de nouveau une Queer Pride. Il est important pour nous d&#8217;être particulièrement visibles et audibles dans les rues ce jour-là. Notre manifestation commune sera le début d’un réseaux plus large ! Surtout après cette période difficile de pandémie, où beaucoup d&#8217;entre nous se sont senti.e.s seul.e.s. Nous voulons une meilleure vie pour toustes, en particulier pour les personnes queer. Et nous voulons une vie plus sécurisée pour nous et pour toustes les autres. Un regard sur l&#8217;histoire nous montre que pour cela nous devons toujours nous battre. Pas seulement contre les idées et les personnes qui nous empêchent, mais aussi pour nos propres utopies ! Nous avons besoin de réseaux, nous avons besoin de lieux, nous avons besoin de groupes et d&#8217;espaces de développement !&nbsp;</p>



<p>Pour nous, la Queer Pride n&#8217;est pas seulement une fois par an, mais tous les jours. Nous nous rencontrons régulièrement dans différents groupes, lors de célébrations, d&#8217;événements et d&#8217;ateliers. C&#8217;est toute une communauté qui s&#8217;est créée. Et nous voulons qu&#8217;elle continue à grandir. Pour cela, nous voulons nous relier avec toutes personnes, en particulier dans les villes et les villages environnants, et nous vous invitons à Dresde. Nous invitons également toutes les personnes des grandes villes proches, en particulier de Prague, Wroclaw et Leipzig. Nous pensons que ce n&#8217;est qu&#8217;ensemble que nous pourrons construire ces espaces et ces relations.&nbsp;</p>



<p><strong>REJOIGNEZ NOS LUTTES &#8211; REJOIGNEZ LA PRIDE ! <br>SOIS PARTIE DE NOS LUTTES &#8211; SOIS PARTIE DE LA PRIDE !</strong></p>

<p>L&#8217;Invitation! Nous vivons toustes à Dresde, mais beaucoup d&#8217;entre nous viennent d’ailleurs. Nous parlons le français, l&#8217;arabe, l&#8217;espagnol, le saxon et d&#8217;autres langues. Nous nous sommes rencontré.e.s l&#8217;année dernière lorsque nous avons organisé la première Queer Pride et depuis, d&#8217;autres personnes nous ont rejoint. Nous sommes un groupe hétérogène avec des positions différentes dans la <a href="https://www.queerpridedd.org/index.php/fr/queer-pride-dresden-2022-4/" class="more-link">&#8230;<span class="screen-reader-text">  QUEER PRIDE DRESDEN 2022 </span></a></p>
