{"id":43,"date":"2021-08-10T21:05:05","date_gmt":"2021-08-10T19:05:05","guid":{"rendered":"https:\/\/af5b34cf-ec81-4d2f-9b9d-99fa6242d7fc.pub.instances.scw.cloud\/?page_id=43"},"modified":"2022-03-21T20:43:23","modified_gmt":"2022-03-21T18:43:23","slug":"a-pride-will-happen","status":"publish","type":"page","link":"https:\/\/www.queerpridedd.org\/index.php\/a-pride-will-happen\/","title":{"rendered":"QUEER PRIDE DRESDEN 2022"},"content":{"rendered":"\n<h2 class=\"wp-block-heading\">Die Einladung!<\/h2>\n\n\n\n<p>Wir alle leben in Dresden, viele von uns kommen aber aus anderen Orten. Wir sprechen franz\u00f6sisch, arabisch, spanisch, s\u00e4chsisch und andere Sprachen. Wir haben uns letztes Jahr kennengelernt, als wir die erste Pride organisiert haben und seitdem sind noch einige dazu gekommen. Wir sind ein bunter Haufen aus Menschen die unterschiedliche Positionen im Leben haben. Wir haben unterschiedlich viel Geld, sind unterschiedlich gesund oder auch nicht, haben unterschiedliche Berufe und auch sonst sind unsere Sichten auf das Leben vielf\u00e4ltig. Das macht es manchmal kompliziert aber auch besonders sch\u00f6n. Und eines haben wir alle gemeinsam: Wir sind queer.&nbsp;<\/p>\n\n\n\n<p>Auch 2022 feiern wir wieder eine queere Pride. Uns ist wichtig, an diesem Tag auf der Stra\u00dfe sehr sicht- und h\u00f6rbar zu sein. Unsere gemeinsame Demo wird ein Auftakt f\u00fcr noch viel mehr Beziehungen! Besonders nach den schwierigen Pandemiezeiten, in denen sich viele von uns einsam gef\u00fchlt haben.<br>Wir wollen ein besseres Leben f\u00fcr alle, besonders f\u00fcr queere Menschen. Und wir wollen ein sicheres Leben f\u00fcr uns und alle anderen. Ein Blick in die Geschichte zeigt uns, dass wir daf\u00fcr immer wieder selbst k\u00e4mpfen m\u00fcssen. Nicht nur gegen Ideen und Menschen, die uns Steine in den Weg legen, sondern auch f\u00fcr unsere eigenen Utopien! Wir brauchen Netzwerke, wir brauche Orte, wir brauchen Gruppen und Entwicklungsr\u00e4ume!<\/p>\n\n\n\n<p>F\u00fcr uns ist die Queer Pride nicht nur ein Mal im Jahr, sondern eigentlich jeden Tag. Wir treffen uns regelm\u00e4\u00dfig in verschiedenen Gruppen, beim Feiern, bei Veranstaltungen und Workshops. Es ist eine ganze Gemeinschaft entstanden. Und wir wollen, dass sie weiter w\u00e4chst. Wir wollen, dass auch Menschen in den kleineren St\u00e4dten im Umkreis und auf dem Land sich eingeladen und best\u00e4rkt f\u00fchlen. Wir laden au\u00dferdem Menschen aus den n\u00e4chsten gr\u00f6\u00dferen St\u00e4dten ein, ganz besonders aus Prag, Wroclaw und Leipzig. Wir glauben, dass wir nur gemeinsam diese R\u00e4ume und Beziehungen aufbauen k\u00f6nnen.<\/p>\n\n\n\n<h2 class=\"wp-block-heading\">JOIN OUR FIGHT &#8211; JOIN THE PRIDE!<\/h2>\n","protected":false},"excerpt":{"rendered":"<p>Die Einladung! Wir alle leben in Dresden, viele von uns kommen aber aus anderen Orten. Wir sprechen franz\u00f6sisch, arabisch, spanisch, s\u00e4chsisch und andere Sprachen. Wir haben uns letztes Jahr kennengelernt, als wir die erste Pride organisiert haben und seitdem sind noch einige dazu gekommen. Wir sind ein bunter Haufen aus Menschen die unterschiedliche Positionen im <a href=\"https:\/\/www.queerpridedd.org\/index.php\/a-pride-will-happen\/\" class=\"more-link\">&#8230;<span class=\"screen-reader-text\">  QUEER PRIDE DRESDEN 2022<\/span><\/a><\/p>\n","protected":false},"author":2,"featured_media":0,"parent":0,"menu_order":1,"comment_status":"closed","ping_status":"closed","template":"","meta":{"footnotes":""},"class_list":["post-43","page","type-page","status-publish","hentry"],"_links":{"self":[{"href":"https:\/\/www.queerpridedd.org\/index.php\/wp-json\/wp\/v2\/pages\/43","targetHints":{"allow":["GET"]}}],"collection":[{"href":"https:\/\/www.queerpridedd.org\/index.php\/wp-json\/wp\/v2\/pages"}],"about":[{"href":"https:\/\/www.queerpridedd.org\/index.php\/wp-json\/wp\/v2\/types\/page"}],"author":[{"embeddable":true,"href":"https:\/\/www.queerpridedd.org\/index.php\/wp-json\/wp\/v2\/users\/2"}],"replies":[{"embeddable":true,"href":"https:\/\/www.queerpridedd.org\/index.php\/wp-json\/wp\/v2\/comments?post=43"}],"version-history":[{"count":5,"href":"https:\/\/www.queerpridedd.org\/index.php\/wp-json\/wp\/v2\/pages\/43\/revisions"}],"predecessor-version":[{"id":308,"href":"https:\/\/www.queerpridedd.org\/index.php\/wp-json\/wp\/v2\/pages\/43\/revisions\/308"}],"wp:attachment":[{"href":"https:\/\/www.queerpridedd.org\/index.php\/wp-json\/wp\/v2\/media?parent=43"}],"curies":[{"name":"wp","href":"https:\/\/api.w.org\/{rel}","templated":true}]}}

<h2 class="wp-block-heading">Die Einladung!</h2>



<p>Wir alle leben in Dresden, viele von uns kommen aber aus anderen Orten. Wir sprechen französisch, arabisch, spanisch, sächsisch und andere Sprachen. Wir haben uns letztes Jahr kennengelernt, als wir die erste Pride organisiert haben und seitdem sind noch einige dazu gekommen. Wir sind ein bunter Haufen aus Menschen die unterschiedliche Positionen im Leben haben. Wir haben unterschiedlich viel Geld, sind unterschiedlich gesund oder auch nicht, haben unterschiedliche Berufe und auch sonst sind unsere Sichten auf das Leben vielfältig. Das macht es manchmal kompliziert aber auch besonders schön. Und eines haben wir alle gemeinsam: Wir sind queer.&nbsp;</p>



<p>Auch 2022 feiern wir wieder eine queere Pride. Uns ist wichtig, an diesem Tag auf der Straße sehr sicht- und hörbar zu sein. Unsere gemeinsame Demo wird ein Auftakt für noch viel mehr Beziehungen! Besonders nach den schwierigen Pandemiezeiten, in denen sich viele von uns einsam gefühlt haben.<br>Wir wollen ein besseres Leben für alle, besonders für queere Menschen. Und wir wollen ein sicheres Leben für uns und alle anderen. Ein Blick in die Geschichte zeigt uns, dass wir dafür immer wieder selbst kämpfen müssen. Nicht nur gegen Ideen und Menschen, die uns Steine in den Weg legen, sondern auch für unsere eigenen Utopien! Wir brauchen Netzwerke, wir brauche Orte, wir brauchen Gruppen und Entwicklungsräume!</p>



<p>Für uns ist die Queer Pride nicht nur ein Mal im Jahr, sondern eigentlich jeden Tag. Wir treffen uns regelmäßig in verschiedenen Gruppen, beim Feiern, bei Veranstaltungen und Workshops. Es ist eine ganze Gemeinschaft entstanden. Und wir wollen, dass sie weiter wächst. Wir wollen, dass auch Menschen in den kleineren Städten im Umkreis und auf dem Land sich eingeladen und bestärkt fühlen. Wir laden außerdem Menschen aus den nächsten größeren Städten ein, ganz besonders aus Prag, Wroclaw und Leipzig. Wir glauben, dass wir nur gemeinsam diese Räume und Beziehungen aufbauen können.</p>



<h2 class="wp-block-heading">JOIN OUR FIGHT &#8211; JOIN THE PRIDE!</h2>

<p>Die Einladung! Wir alle leben in Dresden, viele von uns kommen aber aus anderen Orten. Wir sprechen französisch, arabisch, spanisch, sächsisch und andere Sprachen. Wir haben uns letztes Jahr kennengelernt, als wir die erste Pride organisiert haben und seitdem sind noch einige dazu gekommen. Wir sind ein bunter Haufen aus Menschen die unterschiedliche Positionen im <a href="https://www.queerpridedd.org/index.php/a-pride-will-happen/" class="more-link">&#8230;<span class="screen-reader-text">  QUEER PRIDE DRESDEN 2022</span></a></p>
