{"id":420,"date":"2022-06-07T20:04:22","date_gmt":"2022-06-07T18:04:22","guid":{"rendered":"https:\/\/www.queerpridedd.org\/?page_id=420"},"modified":"2022-06-07T20:04:22","modified_gmt":"2022-06-07T18:04:22","slug":"queer-pride-dresden-2022-2","status":"publish","type":"page","link":"https:\/\/www.queerpridedd.org\/index.php\/pt\/queer-pride-dresden-2022-2\/","title":{"rendered":"QUEER PRIDE DRESDEN 2022"},"content":{"rendered":"\n<h2 class=\"wp-block-heading\">O convite!<\/h2>\n\n\n\n<h3 class=\"wp-block-heading\">BR<\/h3>\n\n\n\n<p>Todos n\u00f3s vivemos em Dresden, mas muitos de n\u00f3s n\u00e3o s\u00e3o daqui. Falamos franc\u00eas, \u00e1rabe, espanhol, sax\u00e3o e outros idiomas. Conhecemo-nos no ano passado quando organizamos o primeiro Orgulho e desde ent\u00e3o muitas outras pessoas se juntaram a n\u00f3s. Somos um grupo diversificado de pessoas com diferentes posi\u00e7\u00f5es na vida. Temos diferentes realidades financeiras, diferentes n\u00edveis de sa\u00fade, temos diferentes profiss\u00f5es e nossas opini\u00f5es sobre a vida tamb\u00e9m s\u00e3o diversas. Isso, por vezes, torna as coisas complicadas, mas tamb\u00e9m especialmente bonitas. E todos n\u00f3s temos uma coisa em comum: somos queer.&nbsp;<\/p>\n\n\n\n<p>Em 2022, celebraremos novamente o Orgulho Queer. \u00c9 importante que neste dia sejamos muito vis\u00edveis e aud\u00edveis na rua. Ao manifestarmos juntos, queremos criar muito mais relacionamentos. Especialmente depois deste momento dif\u00edcil da pandemia, o qual fez com que muitos de n\u00f3s nos sent\u00edssemos sozinhos.<\/p>\n\n\n\n<p>Queremos uma vida melhor para todos, especialmente para os queer. E n\u00f3s queremos uma vida segura para n\u00f3s e para todos os outros. Um olhar sobre nossa hist\u00f3ria mostra que sempre tivemos que lutar. N\u00e3o s\u00f3 lutamos contra id\u00e9ias e pessoas que colocam obst\u00e1culos em nosso caminho, mas tamb\u00e9m por nossas pr\u00f3prias utopias. Precisamos de redes, precisamos de lugares, precisamos de grupos e espa\u00e7os para o desenvolvimento.<\/p>\n\n\n\n<p>Para n\u00f3s o Orgulho Queer n\u00e3o acontece apenas uma vez por ano, mas todos os dias. Reunimo-nos regularmente em diferentes grupos, celebra\u00e7\u00f5es, eventos e oficinas. Foi assim que crescemos como uma comunidade. E queremos que esta comunidade continue a crescer. Queremos que os habitantes das cidades menores ao nosso redor e do campo se sintam convidados e encorajados. Tamb\u00e9m convidamos pessoas das cidades maiores mais pr\u00f3ximas, especialmente de Praga, Wroclaw e Leipzig. Acreditamos que somente juntos podemos construir esses espa\u00e7os e relacionamentos.<\/p>\n\n\n\n<p><strong>JUNTE-SE A NOSSA LUTA &#8211; JUNTE-SE AO ORGULHO!<\/strong><\/p>\n\n\n\n<h3 class=\"wp-block-heading\">EU<\/h3>\n\n\n\n<p>Todos n\u00f3s vivemos em Dresden, mas muitos de n\u00f3s n\u00e3o s\u00e3o daqui. Falamos franc\u00eas, \u00e1rabe, espanhol, sax\u00e3o e outras l\u00ednguas. Encontr\u00e1mo-nos no ano passado quando organiz\u00e1mos o primeiro Orgulho e desde ent\u00e3o muitas mais pessoas se juntaram a n\u00f3s. Somos um grupo diversificado de pessoas com posi\u00e7\u00f5es diferentes na vida. Temos diferentes realidades financeiras, diferentes n\u00edveis de sa\u00fade, diferentes profiss\u00f5es e as nossas opini\u00f5es sobre a vida s\u00e3o diversas. Isso faz com que por vezes seja complicado, mas tamb\u00e9m especialmente bonito. E todos n\u00f3s temos uma coisa em comum: somos queer.&nbsp;<\/p>\n\n\n\n<p>Em 2022, celebraremos novamente um Orgulho Queer. \u00c9 importante que neste dia sejamos muito vis\u00edveis e aud\u00edveis na rua. Ao manifestarmos juntos, queremos criar muito mais rela\u00e7\u00f5es. Especialmente depois deste momento dif\u00edcil da pandemia, que fez muitos de n\u00f3s sentirmo-nos sozinhos.<\/p>\n\n\n\n<p>Queremos uma vida melhor para todos, especialmente para os queer. E queremos uma vida segura para n\u00f3s e para todos os outros. Um olhar sobre a nossa hist\u00f3ria mostra que sempre tivemos de lutar. N\u00e3o lutamos apenas contra ideias e pessoas que colocam obst\u00e1culos no nosso caminho, mas tamb\u00e9m pelas nossas pr\u00f3prias utopias. Precisamos de redes, precisamos de lugares, precisamos de grupos e espa\u00e7os para o desenvolvimento.<\/p>\n\n\n\n<p>Para n\u00f3s o Orgulho Queer n\u00e3o acontece apenas uma vez por ano, mas todos os dias. Encontramo-nos regularmente em diferentes grupos, celebra\u00e7\u00f5es, eventos e semin\u00e1rios. Foi assim que crescemos como uma comunidade. E queremos que esta comunidade continue a crescer. Queremos que os habitantes das cidades mais pequenas \u00e0 nossa volta e das zonas rurais se sintam convidados e encorajados. Convidamos tamb\u00e9m pessoas das cidades maiores mais pr\u00f3ximas, especialmente de Praga, Wroclaw e Leipzig. Acreditamos que s\u00f3 juntos podemos construir estes espa\u00e7os e rela\u00e7\u00f5es.<\/p>\n\n\n\n<p><strong>JUNTE-SE \u00c0 NOSSA LUTA &#8211; JUNTE-SE AO ORGULHO!<\/strong><\/p>\n","protected":false},"excerpt":{"rendered":"<p>O convite! BR Todos n\u00f3s vivemos em Dresden, mas muitos de n\u00f3s n\u00e3o s\u00e3o daqui. Falamos franc\u00eas, \u00e1rabe, espanhol, sax\u00e3o e outros idiomas. Conhecemo-nos no ano passado quando organizamos o primeiro Orgulho e desde ent\u00e3o muitas outras pessoas se juntaram a n\u00f3s. Somos um grupo diversificado de pessoas com diferentes posi\u00e7\u00f5es na vida. Temos diferentes <a href=\"https:\/\/www.queerpridedd.org\/index.php\/pt\/queer-pride-dresden-2022-2\/\" class=\"more-link\">&#8230;<span class=\"screen-reader-text\">  QUEER PRIDE DRESDEN 2022<\/span><\/a><\/p>\n","protected":false},"author":1,"featured_media":0,"parent":0,"menu_order":0,"comment_status":"closed","ping_status":"closed","template":"","meta":{"footnotes":""},"class_list":["post-420","page","type-page","status-publish","hentry"],"_links":{"self":[{"href":"https:\/\/www.queerpridedd.org\/index.php\/wp-json\/wp\/v2\/pages\/420","targetHints":{"allow":["GET"]}}],"collection":[{"href":"https:\/\/www.queerpridedd.org\/index.php\/wp-json\/wp\/v2\/pages"}],"about":[{"href":"https:\/\/www.queerpridedd.org\/index.php\/wp-json\/wp\/v2\/types\/page"}],"author":[{"embeddable":true,"href":"https:\/\/www.queerpridedd.org\/index.php\/wp-json\/wp\/v2\/users\/1"}],"replies":[{"embeddable":true,"href":"https:\/\/www.queerpridedd.org\/index.php\/wp-json\/wp\/v2\/comments?post=420"}],"version-history":[{"count":1,"href":"https:\/\/www.queerpridedd.org\/index.php\/wp-json\/wp\/v2\/pages\/420\/revisions"}],"predecessor-version":[{"id":421,"href":"https:\/\/www.queerpridedd.org\/index.php\/wp-json\/wp\/v2\/pages\/420\/revisions\/421"}],"wp:attachment":[{"href":"https:\/\/www.queerpridedd.org\/index.php\/wp-json\/wp\/v2\/media?parent=420"}],"curies":[{"name":"wp","href":"https:\/\/api.w.org\/{rel}","templated":true}]}}

<h2 class="wp-block-heading">O convite!</h2>



<h3 class="wp-block-heading">BR</h3>



<p>Todos nós vivemos em Dresden, mas muitos de nós não são daqui. Falamos francês, árabe, espanhol, saxão e outros idiomas. Conhecemo-nos no ano passado quando organizamos o primeiro Orgulho e desde então muitas outras pessoas se juntaram a nós. Somos um grupo diversificado de pessoas com diferentes posições na vida. Temos diferentes realidades financeiras, diferentes níveis de saúde, temos diferentes profissões e nossas opiniões sobre a vida também são diversas. Isso, por vezes, torna as coisas complicadas, mas também especialmente bonitas. E todos nós temos uma coisa em comum: somos queer.&nbsp;</p>



<p>Em 2022, celebraremos novamente o Orgulho Queer. É importante que neste dia sejamos muito visíveis e audíveis na rua. Ao manifestarmos juntos, queremos criar muito mais relacionamentos. Especialmente depois deste momento difícil da pandemia, o qual fez com que muitos de nós nos sentíssemos sozinhos.</p>



<p>Queremos uma vida melhor para todos, especialmente para os queer. E nós queremos uma vida segura para nós e para todos os outros. Um olhar sobre nossa história mostra que sempre tivemos que lutar. Não só lutamos contra idéias e pessoas que colocam obstáculos em nosso caminho, mas também por nossas próprias utopias. Precisamos de redes, precisamos de lugares, precisamos de grupos e espaços para o desenvolvimento.</p>



<p>Para nós o Orgulho Queer não acontece apenas uma vez por ano, mas todos os dias. Reunimo-nos regularmente em diferentes grupos, celebrações, eventos e oficinas. Foi assim que crescemos como uma comunidade. E queremos que esta comunidade continue a crescer. Queremos que os habitantes das cidades menores ao nosso redor e do campo se sintam convidados e encorajados. Também convidamos pessoas das cidades maiores mais próximas, especialmente de Praga, Wroclaw e Leipzig. Acreditamos que somente juntos podemos construir esses espaços e relacionamentos.</p>



<p><strong>JUNTE-SE A NOSSA LUTA &#8211; JUNTE-SE AO ORGULHO!</strong></p>



<h3 class="wp-block-heading">EU</h3>



<p>Todos nós vivemos em Dresden, mas muitos de nós não são daqui. Falamos francês, árabe, espanhol, saxão e outras línguas. Encontrámo-nos no ano passado quando organizámos o primeiro Orgulho e desde então muitas mais pessoas se juntaram a nós. Somos um grupo diversificado de pessoas com posições diferentes na vida. Temos diferentes realidades financeiras, diferentes níveis de saúde, diferentes profissões e as nossas opiniões sobre a vida são diversas. Isso faz com que por vezes seja complicado, mas também especialmente bonito. E todos nós temos uma coisa em comum: somos queer.&nbsp;</p>



<p>Em 2022, celebraremos novamente um Orgulho Queer. É importante que neste dia sejamos muito visíveis e audíveis na rua. Ao manifestarmos juntos, queremos criar muito mais relações. Especialmente depois deste momento difícil da pandemia, que fez muitos de nós sentirmo-nos sozinhos.</p>



<p>Queremos uma vida melhor para todos, especialmente para os queer. E queremos uma vida segura para nós e para todos os outros. Um olhar sobre a nossa história mostra que sempre tivemos de lutar. Não lutamos apenas contra ideias e pessoas que colocam obstáculos no nosso caminho, mas também pelas nossas próprias utopias. Precisamos de redes, precisamos de lugares, precisamos de grupos e espaços para o desenvolvimento.</p>



<p>Para nós o Orgulho Queer não acontece apenas uma vez por ano, mas todos os dias. Encontramo-nos regularmente em diferentes grupos, celebrações, eventos e seminários. Foi assim que crescemos como uma comunidade. E queremos que esta comunidade continue a crescer. Queremos que os habitantes das cidades mais pequenas à nossa volta e das zonas rurais se sintam convidados e encorajados. Convidamos também pessoas das cidades maiores mais próximas, especialmente de Praga, Wroclaw e Leipzig. Acreditamos que só juntos podemos construir estes espaços e relações.</p>



<p><strong>JUNTE-SE À NOSSA LUTA &#8211; JUNTE-SE AO ORGULHO!</strong></p>

<p>O convite! BR Todos nós vivemos em Dresden, mas muitos de nós não são daqui. Falamos francês, árabe, espanhol, saxão e outros idiomas. Conhecemo-nos no ano passado quando organizamos o primeiro Orgulho e desde então muitas outras pessoas se juntaram a nós. Somos um grupo diversificado de pessoas com diferentes posições na vida. Temos diferentes <a href="https://www.queerpridedd.org/index.php/pt/queer-pride-dresden-2022-2/" class="more-link">&#8230;<span class="screen-reader-text">  QUEER PRIDE DRESDEN 2022</span></a></p>
