{"id":319,"date":"2022-04-13T22:43:13","date_gmt":"2022-04-13T20:43:13","guid":{"rendered":"https:\/\/www.queerpridedd.org\/?page_id=319"},"modified":"2024-06-12T17:17:42","modified_gmt":"2024-06-12T15:17:42","slug":"spenden","status":"publish","type":"page","link":"https:\/\/www.queerpridedd.org\/index.php\/spenden\/","title":{"rendered":"Spenden"},"content":{"rendered":"\n<p>Ihr k\u00f6nnt per Bank\u00fcberweisung an die Queer Pride Dresden spenden. Meldet euch gern, wenn ihr eine Spendenquitttung ben\u00f6tigt (ab 200\u20ac).<\/p>\n\n\n\n<p>Alternativ k\u00f6nnt ihr gerne unsere <a href=\"https:\/\/www.gofundme.com\/f\/queer-pride-dd-2024\">gofundme-Spendenkampagne<\/a> unterst\u00fctzen.<\/p>\n\n\n\n<h2 class=\"wp-block-heading\">Kontodetails<\/h2>\n\n\n\n<p><strong>Kontoinhaber<\/strong>: Ostra e.V.<br><strong>IBAN<\/strong>: DE17 8509 0000&nbsp;3491 1010 31<br><strong>Verwendungszweck<\/strong>: \u201eSpende\u201c<\/p>\n","protected":false},"excerpt":{"rendered":"<p>Ihr k\u00f6nnt per Bank\u00fcberweisung an die Queer Pride Dresden spenden. Meldet euch gern, wenn ihr eine Spendenquitttung ben\u00f6tigt (ab 200\u20ac). Alternativ k\u00f6nnt ihr gerne unsere gofundme-Spendenkampagne unterst\u00fctzen. Kontodetails Kontoinhaber: Ostra e.V.IBAN: DE17 8509 0000&nbsp;3491 1010 31Verwendungszweck: \u201eSpende\u201c<\/p>\n","protected":false},"author":1,"featured_media":0,"parent":0,"menu_order":0,"comment_status":"closed","ping_status":"closed","template":"","meta":{"footnotes":""},"class_list":["post-319","page","type-page","status-publish","hentry"],"_links":{"self":[{"href":"https:\/\/www.queerpridedd.org\/index.php\/wp-json\/wp\/v2\/pages\/319","targetHints":{"allow":["GET"]}}],"collection":[{"href":"https:\/\/www.queerpridedd.org\/index.php\/wp-json\/wp\/v2\/pages"}],"about":[{"href":"https:\/\/www.queerpridedd.org\/index.php\/wp-json\/wp\/v2\/types\/page"}],"author":[{"embeddable":true,"href":"https:\/\/www.queerpridedd.org\/index.php\/wp-json\/wp\/v2\/users\/1"}],"replies":[{"embeddable":true,"href":"https:\/\/www.queerpridedd.org\/index.php\/wp-json\/wp\/v2\/comments?post=319"}],"version-history":[{"count":9,"href":"https:\/\/www.queerpridedd.org\/index.php\/wp-json\/wp\/v2\/pages\/319\/revisions"}],"predecessor-version":[{"id":1225,"href":"https:\/\/www.queerpridedd.org\/index.php\/wp-json\/wp\/v2\/pages\/319\/revisions\/1225"}],"wp:attachment":[{"href":"https:\/\/www.queerpridedd.org\/index.php\/wp-json\/wp\/v2\/media?parent=319"}],"curies":[{"name":"wp","href":"https:\/\/api.w.org\/{rel}","templated":true}]}}