{"id":1739,"date":"2025-06-18T23:44:34","date_gmt":"2025-06-18T21:44:34","guid":{"rendered":"https:\/\/www.queerpridedd.org\/?page_id=1739"},"modified":"2025-06-18T23:44:35","modified_gmt":"2025-06-18T21:44:35","slug":"queer-et-antifascistes-nos-ponts-tiennent-bon","status":"publish","type":"page","link":"https:\/\/www.queerpridedd.org\/index.php\/fr\/queer-et-antifascistes-nos-ponts-tiennent-bon\/","title":{"rendered":"Queer et antifascistes \u2013 nos ponts tiennent bon!"},"content":{"rendered":"\n<p>La Queer Pride de Dresde se bat pour que chacun\u00b7e puisse vivre en s\u00e9curit\u00e9 et en libert\u00e9. Nous sommes uni\u00b7es et faisons front contre les id\u00e9ologies d\u2019extr\u00eame droite et la haine de l\u2019autre. Nous nous prouvons \u00e0 nous-m\u00eames et au monde\u00a0 que nous avons les moyens de construire l\u2019avenir. Nous d\u00e9passons les normes \u00e9troites sur ce que \u00ab doivent \u00bb \u00eatre les relations, les sexualit\u00e9s ou les identit\u00e9s.<\/p>\n\n\n\n<p>Nous voulons une soci\u00e9t\u00e9 sans classes. Ce n&#8217;est qu&#8217;en pensant en dehors des normes rigides et autoritaires que nous pourrons nous \u00e9panouir librement.&nbsp; Si nous nous lib\u00e9rons de la logique d&#8217;exploitation et de comp\u00e9titions, nous nous lib\u00e9rons mutuellement.<\/p>\n\n\n\n<p>Aujourd\u2019hui plus que jamais, les r\u00e9seaux d&#8217;entraide queer et antifascistes sont essentiels. Nous isoler, nous dresser les uns contre les autres, nous faire croires que nous sommes seuls et impuissants :c&#8217;est exactement ce que veulent les ennemis de l&#8217;humanit\u00e9 de droite. Alors, au-dessus des murs de l&#8217;exclusion sociale et des foss\u00e9s de la haine, nous construisons des ponts faits de tendresse et de solidarit\u00e9. Nous cr\u00e9ons une communaut\u00e9 qui inclut et d\u00e9fend la diversit\u00e9 humaine. Nous partageons nos connaissances, nous apprenons les un\u00b7es des autres, nous nous unissons.<\/p>\n\n\n\n<p>Ensemble, nous veillons \u00e0 ce que personne ne soit laiss\u00e9\u00b7e de c\u00f4t\u00e9. Ensemble, nous revendiquons le droit \u00e0 une vie bonne et autod\u00e9termin\u00e9e pour tous. Ensemble, nous nous engageons pour que la vie queer soit visible et s\u00fbre partout.<\/p>\n\n\n\n<p>Notre solidarit\u00e9 nous donne de la force. Savoir que nous pouvons compter les uns sur les autres nous donne du courage. Notre pratique solidaire &#8211; c&#8217;est notre arme la plus puissante.<\/p>\n\n\n\n<p>Amenons la coh\u00e9sion, le savoir, la solidarit\u00e9 dans les rues &#8211; le 21 juin lors de la Pride \u00e0 Dresde et tout au long de l&#8217;\u00e9t\u00e9 partout en Saxe !<\/p>\n\n\n\n<p>Nous restons queer, nous restons solidaires, nous restons antifascistes!<\/p>\n","protected":false},"excerpt":{"rendered":"<p>La Queer Pride de Dresde se bat pour que chacun\u00b7e puisse vivre en s\u00e9curit\u00e9 et en libert\u00e9. Nous sommes uni\u00b7es et faisons front contre les id\u00e9ologies d\u2019extr\u00eame droite et la haine de l\u2019autre. Nous nous prouvons \u00e0 nous-m\u00eames et au monde\u00a0 que nous avons les moyens de construire l\u2019avenir. Nous d\u00e9passons les normes \u00e9troites sur <a href=\"https:\/\/www.queerpridedd.org\/index.php\/fr\/queer-et-antifascistes-nos-ponts-tiennent-bon\/\" class=\"more-link\">&#8230;<span class=\"screen-reader-text\">  Queer et antifascistes \u2013 nos ponts tiennent bon!<\/span><\/a><\/p>\n","protected":false},"author":2,"featured_media":0,"parent":0,"menu_order":0,"comment_status":"closed","ping_status":"closed","template":"","meta":{"footnotes":""},"class_list":["post-1739","page","type-page","status-publish","hentry"],"_links":{"self":[{"href":"https:\/\/www.queerpridedd.org\/index.php\/wp-json\/wp\/v2\/pages\/1739","targetHints":{"allow":["GET"]}}],"collection":[{"href":"https:\/\/www.queerpridedd.org\/index.php\/wp-json\/wp\/v2\/pages"}],"about":[{"href":"https:\/\/www.queerpridedd.org\/index.php\/wp-json\/wp\/v2\/types\/page"}],"author":[{"embeddable":true,"href":"https:\/\/www.queerpridedd.org\/index.php\/wp-json\/wp\/v2\/users\/2"}],"replies":[{"embeddable":true,"href":"https:\/\/www.queerpridedd.org\/index.php\/wp-json\/wp\/v2\/comments?post=1739"}],"version-history":[{"count":1,"href":"https:\/\/www.queerpridedd.org\/index.php\/wp-json\/wp\/v2\/pages\/1739\/revisions"}],"predecessor-version":[{"id":1740,"href":"https:\/\/www.queerpridedd.org\/index.php\/wp-json\/wp\/v2\/pages\/1739\/revisions\/1740"}],"wp:attachment":[{"href":"https:\/\/www.queerpridedd.org\/index.php\/wp-json\/wp\/v2\/media?parent=1739"}],"curies":[{"name":"wp","href":"https:\/\/api.w.org\/{rel}","templated":true}]}}

<p>La Queer Pride de Dresde se bat pour que chacun·e puisse vivre en sécurité et en liberté. Nous sommes uni·es et faisons front contre les idéologies d’extrême droite et la haine de l’autre. Nous nous prouvons à nous-mêmes et au monde  que nous avons les moyens de construire l’avenir. Nous dépassons les normes étroites sur ce que « doivent » être les relations, les sexualités ou les identités.</p>



<p>Nous voulons une société sans classes. Ce n&#8217;est qu&#8217;en pensant en dehors des normes rigides et autoritaires que nous pourrons nous épanouir librement.&nbsp; Si nous nous libérons de la logique d&#8217;exploitation et de compétitions, nous nous libérons mutuellement.</p>



<p>Aujourd’hui plus que jamais, les réseaux d&#8217;entraide queer et antifascistes sont essentiels. Nous isoler, nous dresser les uns contre les autres, nous faire croires que nous sommes seuls et impuissants :c&#8217;est exactement ce que veulent les ennemis de l&#8217;humanité de droite. Alors, au-dessus des murs de l&#8217;exclusion sociale et des fossés de la haine, nous construisons des ponts faits de tendresse et de solidarité. Nous créons une communauté qui inclut et défend la diversité humaine. Nous partageons nos connaissances, nous apprenons les un·es des autres, nous nous unissons.</p>



<p>Ensemble, nous veillons à ce que personne ne soit laissé·e de côté. Ensemble, nous revendiquons le droit à une vie bonne et autodéterminée pour tous. Ensemble, nous nous engageons pour que la vie queer soit visible et sûre partout.</p>



<p>Notre solidarité nous donne de la force. Savoir que nous pouvons compter les uns sur les autres nous donne du courage. Notre pratique solidaire &#8211; c&#8217;est notre arme la plus puissante.</p>



<p>Amenons la cohésion, le savoir, la solidarité dans les rues &#8211; le 21 juin lors de la Pride à Dresde et tout au long de l&#8217;été partout en Saxe !</p>



<p>Nous restons queer, nous restons solidaires, nous restons antifascistes!</p>

<p>La Queer Pride de Dresde se bat pour que chacun·e puisse vivre en sécurité et en liberté. Nous sommes uni·es et faisons front contre les idéologies d’extrême droite et la haine de l’autre. Nous nous prouvons à nous-mêmes et au monde  que nous avons les moyens de construire l’avenir. Nous dépassons les normes étroites sur <a href="https://www.queerpridedd.org/index.php/fr/queer-et-antifascistes-nos-ponts-tiennent-bon/" class="more-link">&#8230;<span class="screen-reader-text">  Queer et antifascistes – nos ponts tiennent bon!</span></a></p>
