{"id":1737,"date":"2025-06-18T23:43:19","date_gmt":"2025-06-18T21:43:19","guid":{"rendered":"https:\/\/www.queerpridedd.org\/?page_id=1737"},"modified":"2025-06-18T23:43:19","modified_gmt":"2025-06-18T21:43:19","slug":"queer-y-antifascista-nuestros-puentes-aguantan","status":"publish","type":"page","link":"https:\/\/www.queerpridedd.org\/index.php\/es\/queer-y-antifascista-nuestros-puentes-aguantan\/","title":{"rendered":"Queer y antifascista: \u00a1nuestros puentes aguantan!\u00a0"},"content":{"rendered":"\n<p>Queer Pride Dresden lucha para que todas las personas puedan vivir seguras y libres. Luchamos codo a codo contra las actitudes derechistas y discriminatorias. Demostramos a nosotrxs mismxs y al mundo que nosotrxs forjaremos el futuro. Superamos las ideas normativas sobre c\u00f3mo \u00abdeber\u00edan\u00bb ser las relaciones o la sexualidad y c\u00f3mo \u00abdeber\u00edan\u00bb ser las personas.&nbsp;<\/p>\n\n\n\n<p>Queremos una sociedad sin clases. S\u00f3lo al superar normas petrificadas y dominantes podremos desarrollarnos libremente. Cuando nos liberamos de la l\u00f3gica capitalista de valorizaci\u00f3n y del pensamiento individualista y egoista, nos liberamos mutuamente.&nbsp;<\/p>\n\n\n\n<p>En estos tiempos, la creaci\u00f3n de redes queer y antifascistas es m\u00e1s importante que nunca. La separaci\u00f3n entre nosotrxs, enfrentarnos, hacernos sentir solxs y d\u00e9biles &#8211; eso es exactamente lo que quieren los mis\u00e1ntropos de derecha. Construimos lazos de ternura y cohesi\u00f3n, puenteamos los muros de la exclusi\u00f3n social y las trincheras del odio. Creamos una comunidad que incluye y defiende la diversidad humana.<\/p>\n\n\n\n<p>Compartimos conocimientos, aprendemos unxs de otrxs, nos unimos.&nbsp;<\/p>\n\n\n\n<p>Juntxs, nos aseguramos de que nadie se quede solx. Juntxs, exigimos el derecho a una vida buena y autodeterminada para todxs. Juntxs, defendemos que la vida queer sea visible y segura en todas partes.&nbsp;<\/p>\n\n\n\n<p>Nuestra solidaridad nos da fuerza. Saber que podemos confiar lxs unxs en lxs otrxs nos da valor. Nuestra pr\u00e1ctica de la solidaridad es nuestra arma m\u00e1s poderosa.<\/p>\n\n\n\n<p>Llevemos esta cohesi\u00f3n, conocimiento y solidaridad a las calles, el 21 de junio en el Queer Pride de Dresde y durante todo el verano en toda Sajonia.<\/p>\n\n\n\n<p>\u00a1Seguimos siendo queer, seguimos siendo aliadxs, seguimos siendo antifascistas!<\/p>\n","protected":false},"excerpt":{"rendered":"<p>Queer Pride Dresden lucha para que todas las personas puedan vivir seguras y libres. Luchamos codo a codo contra las actitudes derechistas y discriminatorias. Demostramos a nosotrxs mismxs y al mundo que nosotrxs forjaremos el futuro. Superamos las ideas normativas sobre c\u00f3mo \u00abdeber\u00edan\u00bb ser las relaciones o la sexualidad y c\u00f3mo \u00abdeber\u00edan\u00bb ser las personas.&nbsp; <a href=\"https:\/\/www.queerpridedd.org\/index.php\/es\/queer-y-antifascista-nuestros-puentes-aguantan\/\" class=\"more-link\">&#8230;<span class=\"screen-reader-text\">  Queer y antifascista: \u00a1nuestros puentes aguantan!\u00a0<\/span><\/a><\/p>\n","protected":false},"author":2,"featured_media":0,"parent":0,"menu_order":0,"comment_status":"closed","ping_status":"closed","template":"","meta":{"footnotes":""},"class_list":["post-1737","page","type-page","status-publish","hentry"],"_links":{"self":[{"href":"https:\/\/www.queerpridedd.org\/index.php\/wp-json\/wp\/v2\/pages\/1737","targetHints":{"allow":["GET"]}}],"collection":[{"href":"https:\/\/www.queerpridedd.org\/index.php\/wp-json\/wp\/v2\/pages"}],"about":[{"href":"https:\/\/www.queerpridedd.org\/index.php\/wp-json\/wp\/v2\/types\/page"}],"author":[{"embeddable":true,"href":"https:\/\/www.queerpridedd.org\/index.php\/wp-json\/wp\/v2\/users\/2"}],"replies":[{"embeddable":true,"href":"https:\/\/www.queerpridedd.org\/index.php\/wp-json\/wp\/v2\/comments?post=1737"}],"version-history":[{"count":1,"href":"https:\/\/www.queerpridedd.org\/index.php\/wp-json\/wp\/v2\/pages\/1737\/revisions"}],"predecessor-version":[{"id":1738,"href":"https:\/\/www.queerpridedd.org\/index.php\/wp-json\/wp\/v2\/pages\/1737\/revisions\/1738"}],"wp:attachment":[{"href":"https:\/\/www.queerpridedd.org\/index.php\/wp-json\/wp\/v2\/media?parent=1737"}],"curies":[{"name":"wp","href":"https:\/\/api.w.org\/{rel}","templated":true}]}}

<p>Queer Pride Dresden lucha para que todas las personas puedan vivir seguras y libres. Luchamos codo a codo contra las actitudes derechistas y discriminatorias. Demostramos a nosotrxs mismxs y al mundo que nosotrxs forjaremos el futuro. Superamos las ideas normativas sobre cómo «deberían» ser las relaciones o la sexualidad y cómo «deberían» ser las personas.&nbsp;</p>



<p>Queremos una sociedad sin clases. Sólo al superar normas petrificadas y dominantes podremos desarrollarnos libremente. Cuando nos liberamos de la lógica capitalista de valorización y del pensamiento individualista y egoista, nos liberamos mutuamente.&nbsp;</p>



<p>En estos tiempos, la creación de redes queer y antifascistas es más importante que nunca. La separación entre nosotrxs, enfrentarnos, hacernos sentir solxs y débiles &#8211; eso es exactamente lo que quieren los misántropos de derecha. Construimos lazos de ternura y cohesión, puenteamos los muros de la exclusión social y las trincheras del odio. Creamos una comunidad que incluye y defiende la diversidad humana.</p>



<p>Compartimos conocimientos, aprendemos unxs de otrxs, nos unimos.&nbsp;</p>



<p>Juntxs, nos aseguramos de que nadie se quede solx. Juntxs, exigimos el derecho a una vida buena y autodeterminada para todxs. Juntxs, defendemos que la vida queer sea visible y segura en todas partes.&nbsp;</p>



<p>Nuestra solidaridad nos da fuerza. Saber que podemos confiar lxs unxs en lxs otrxs nos da valor. Nuestra práctica de la solidaridad es nuestra arma más poderosa.</p>



<p>Llevemos esta cohesión, conocimiento y solidaridad a las calles, el 21 de junio en el Queer Pride de Dresde y durante todo el verano en toda Sajonia.</p>



<p>¡Seguimos siendo queer, seguimos siendo aliadxs, seguimos siendo antifascistas!</p>

<p>Queer Pride Dresden lucha para que todas las personas puedan vivir seguras y libres. Luchamos codo a codo contra las actitudes derechistas y discriminatorias. Demostramos a nosotrxs mismxs y al mundo que nosotrxs forjaremos el futuro. Superamos las ideas normativas sobre cómo «deberían» ser las relaciones o la sexualidad y cómo «deberían» ser las personas.&nbsp; <a href="https://www.queerpridedd.org/index.php/es/queer-y-antifascista-nuestros-puentes-aguantan/" class="more-link">&#8230;<span class="screen-reader-text">  Queer y antifascista: ¡nuestros puentes aguantan! </span></a></p>
