{"id":1735,"date":"2025-06-18T23:42:13","date_gmt":"2025-06-18T21:42:13","guid":{"rendered":"https:\/\/www.queerpridedd.org\/?page_id=1735"},"modified":"2025-06-18T23:42:13","modified_gmt":"2025-06-18T21:42:13","slug":"queer-a-antifasisticti-nase-mosty-vydrzi","status":"publish","type":"page","link":"https:\/\/www.queerpridedd.org\/index.php\/cs\/queer-a-antifasisticti-nase-mosty-vydrzi\/","title":{"rendered":"Queer a antifa\u0161isti\u010dt\u00ed &#8211; na\u0161e mosty vydr\u017e\u00ed!"},"content":{"rendered":"\n<p>Queer Pride Dr\u00e1\u017e\u010fany bojuje za to, aby v\u0161ichni lid\u00e9 mohli \u017e\u00edt bezpe\u010dn\u011b a svobodn\u011b. Spole\u010dn\u011b se stav\u00edme proti pravicov\u00fdm a misantropick\u00fdm postoj\u016fm. Dokazujeme sob\u011b i sv\u011btu, \u017ee budeme utv\u00e1\u0159et budoucnost. P\u0159ekon\u00e1v\u00e1me omezen\u00e9 p\u0159edstavy o tom, jak\u00e9 vztahy nebo sexualita \u201emus\u00ed\u201c b\u00fdt a jac\u00ed by lid\u00e9 \u201em\u011blx\u201c b\u00fdt.<\/p>\n\n\n\n<p>Chceme bezt\u0159\u00eddn\u00ed spole\u010dnost. Jen pokud budeme myslet mimo p\u0159\u00edsn\u00e9 a panova\u010dn\u00e9 normy, m\u016f\u017eeme se svobodn\u011b rozv\u00edjet. Kdy\u017e se osvobod\u00edme od logiky vyko\u0159is\u0165ov\u00e1n\u00ed a egoistick\u00e9ho, sout\u011b\u017eiv\u00e9ho a bezohledn\u00e9ho zp\u016fsobu my\u0161len\u00ed, osvobod\u00edme i sebe navz\u00e1jem.<\/p>\n\n\n\n<p>V t\u00e9to dob\u011b je queer a antifa\u0161istick\u00e9 propojen\u00ed d\u016fle\u017eit\u011bj\u0161\u00ed ne\u017e kdy jindy. Rozd\u011blit n\u00e1s, postavit n\u00e1s proti sob\u011b, vyvolat v n\u00e1s pocit osam\u011blosti a slabosti &#8211; to je p\u0159esn\u011b to, co pravicov\u00ed misantropov\u00e9 cht\u011bj\u00ed. Stav\u00edme mosty n\u011bhy a soudr\u017enosti p\u0159es zdi soci\u00e1ln\u00edho vylou\u010den\u00ed a p\u0159\u00edkopy rozd\u011bluj\u00edc\u00ed nen\u00e1vist\u00ed. Vytv\u00e1\u0159\u00edme komunitu, kter\u00e1 zahrnuje a br\u00e1n\u00ed lidskou rozmanitost. Sd\u00edl\u00edme znalosti, u\u010d\u00edme se jeden od druh\u00e9ho, sjednocujeme se.<\/p>\n\n\n\n<p>Spole\u010dn\u011b zaji\u0161\u0165ujeme, aby nikdo nez\u016fstalx s\u00e1m. Spole\u010dn\u011b po\u017eadujeme pr\u00e1vo na dobr\u00fd a sebou ur\u010den\u00fd \u017eivot pro v\u0161echny. Spole\u010dn\u011b se zasazujeme o to, aby byl kv\u00edr \u017eivot v\u0161ude viditeln\u00fd a bezpe\u010dn\u00fd.<\/p>\n\n\n\n<p>Na\u0161e solidarita n\u00e1m d\u00e1v\u00e1 s\u00edlu. V\u011bdom\u00ed, \u017ee se m\u016f\u017eeme spolehnout jeden na druh\u00e9ho, n\u00e1m dod\u00e1v\u00e1 odvahu. Na\u0161e solidarita &#8211; to je na\u0161e nejsiln\u011bj\u0161\u00ed zbra\u0148.<\/p>\n\n\n\n<p>P\u0159enesme tuto soudr\u017enost, pozn\u00e1n\u00ed a solidaritu do ulic &#8211; 21. \u010dervna na Pride v Dr\u00e1\u017e\u010fanech a po cel\u00e9 l\u00e9to v\u0161ude v Sasku!<\/p>\n\n\n\n<p>Z\u016fst\u00e1v\u00e1me queer, z\u016fst\u00e1v\u00e1me spojenci, z\u016fst\u00e1v\u00e1me antifa\u0161isti\u010dt\u00ed!<\/p>\n","protected":false},"excerpt":{"rendered":"<p>Queer Pride Dr\u00e1\u017e\u010fany bojuje za to, aby v\u0161ichni lid\u00e9 mohli \u017e\u00edt bezpe\u010dn\u011b a svobodn\u011b. Spole\u010dn\u011b se stav\u00edme proti pravicov\u00fdm a misantropick\u00fdm postoj\u016fm. Dokazujeme sob\u011b i sv\u011btu, \u017ee budeme utv\u00e1\u0159et budoucnost. P\u0159ekon\u00e1v\u00e1me omezen\u00e9 p\u0159edstavy o tom, jak\u00e9 vztahy nebo sexualita \u201emus\u00ed\u201c b\u00fdt a jac\u00ed by lid\u00e9 \u201em\u011blx\u201c b\u00fdt. Chceme bezt\u0159\u00eddn\u00ed spole\u010dnost. Jen pokud budeme myslet mimo <a href=\"https:\/\/www.queerpridedd.org\/index.php\/cs\/queer-a-antifasisticti-nase-mosty-vydrzi\/\" class=\"more-link\">&#8230;<span class=\"screen-reader-text\">  Queer a antifa\u0161isti\u010dt\u00ed &#8211; na\u0161e mosty vydr\u017e\u00ed!<\/span><\/a><\/p>\n","protected":false},"author":2,"featured_media":0,"parent":0,"menu_order":0,"comment_status":"closed","ping_status":"closed","template":"","meta":{"footnotes":""},"class_list":["post-1735","page","type-page","status-publish","hentry"],"_links":{"self":[{"href":"https:\/\/www.queerpridedd.org\/index.php\/wp-json\/wp\/v2\/pages\/1735","targetHints":{"allow":["GET"]}}],"collection":[{"href":"https:\/\/www.queerpridedd.org\/index.php\/wp-json\/wp\/v2\/pages"}],"about":[{"href":"https:\/\/www.queerpridedd.org\/index.php\/wp-json\/wp\/v2\/types\/page"}],"author":[{"embeddable":true,"href":"https:\/\/www.queerpridedd.org\/index.php\/wp-json\/wp\/v2\/users\/2"}],"replies":[{"embeddable":true,"href":"https:\/\/www.queerpridedd.org\/index.php\/wp-json\/wp\/v2\/comments?post=1735"}],"version-history":[{"count":1,"href":"https:\/\/www.queerpridedd.org\/index.php\/wp-json\/wp\/v2\/pages\/1735\/revisions"}],"predecessor-version":[{"id":1736,"href":"https:\/\/www.queerpridedd.org\/index.php\/wp-json\/wp\/v2\/pages\/1735\/revisions\/1736"}],"wp:attachment":[{"href":"https:\/\/www.queerpridedd.org\/index.php\/wp-json\/wp\/v2\/media?parent=1735"}],"curies":[{"name":"wp","href":"https:\/\/api.w.org\/{rel}","templated":true}]}}

Queer a antifašističtí &#8211; naše mosty vydrží!

<p>Queer Pride Drážďany bojuje za to, aby všichni lidé mohli žít bezpečně a svobodně. Společně se stavíme proti pravicovým a misantropickým postojům. Dokazujeme sobě i světu, že budeme utvářet budoucnost. Překonáváme omezené představy o tom, jaké vztahy nebo sexualita „musí“ být a jací by lidé „mělx“ být.</p>



<p>Chceme beztřídní společnost. Jen pokud budeme myslet mimo přísné a panovačné normy, můžeme se svobodně rozvíjet. Když se osvobodíme od logiky vykořisťování a egoistického, soutěživého a bezohledného způsobu myšlení, osvobodíme i sebe navzájem.</p>



<p>V této době je queer a antifašistické propojení důležitější než kdy jindy. Rozdělit nás, postavit nás proti sobě, vyvolat v nás pocit osamělosti a slabosti &#8211; to je přesně to, co pravicoví misantropové chtějí. Stavíme mosty něhy a soudržnosti přes zdi sociálního vyloučení a příkopy rozdělující nenávistí. Vytváříme komunitu, která zahrnuje a brání lidskou rozmanitost. Sdílíme znalosti, učíme se jeden od druhého, sjednocujeme se.</p>



<p>Společně zajišťujeme, aby nikdo nezůstalx sám. Společně požadujeme právo na dobrý a sebou určený život pro všechny. Společně se zasazujeme o to, aby byl kvír život všude viditelný a bezpečný.</p>



<p>Naše solidarita nám dává sílu. Vědomí, že se můžeme spolehnout jeden na druhého, nám dodává odvahu. Naše solidarita &#8211; to je naše nejsilnější zbraň.</p>



<p>Přenesme tuto soudržnost, poznání a solidaritu do ulic &#8211; 21. června na Pride v Drážďanech a po celé léto všude v Sasku!</p>



<p>Zůstáváme queer, zůstáváme spojenci, zůstáváme antifašističtí!</p>

<p>Queer Pride Drážďany bojuje za to, aby všichni lidé mohli žít bezpečně a svobodně. Společně se stavíme proti pravicovým a misantropickým postojům. Dokazujeme sobě i světu, že budeme utvářet budoucnost. Překonáváme omezené představy o tom, jaké vztahy nebo sexualita „musí“ být a jací by lidé „mělx“ být. Chceme beztřídní společnost. Jen pokud budeme myslet mimo <a href="https://www.queerpridedd.org/index.php/cs/queer-a-antifasisticti-nase-mosty-vydrzi/" class="more-link">&#8230;<span class="screen-reader-text">  Queer a antifašističtí &#8211; naše mosty vydrží!</span></a></p>
