{"id":1157,"date":"2024-05-14T18:54:32","date_gmt":"2024-05-14T16:54:32","guid":{"rendered":"https:\/\/www.queerpridedd.org\/?page_id=1157"},"modified":"2024-05-14T18:54:33","modified_gmt":"2024-05-14T16:54:33","slug":"queer-pride-dresden-2024-11","status":"publish","type":"page","link":"https:\/\/www.queerpridedd.org\/index.php\/tr\/queer-pride-dresden-2024-11\/","title":{"rendered":"Queer Pride Dresden 2024"},"content":{"rendered":"\n<p><strong>KU\u0130R VE ANT\u0130FA\u015e\u0130ST<\/strong><strong> &#8211; <\/strong><strong>Birle\u015fin, direnin!<\/strong><\/p>\n\n\n\n<p>Onur Y\u00fcr\u00fcy\u00fc\u015f\u00fcne sen de kat\u0131l!<\/p>\n\n\n\n<p>Dresden&#8217;den d\u00f6rt y\u0131ld\u0131r bol g\u00fcr\u00fclt\u00fcl\u00fc, \u00e7ok renkli, \u00f6fkeli, kararl\u0131, seksi, \u015fefkatli, m\u00fccadeleci ve kuir sesler y\u00fckseliyor! Kuirleri ve m\u00fcttefiklerini, hepinizi, kuir ve antifa\u015fist ortak bir onur y\u00fcr\u00fcy\u00fc\u015f\u00fc i\u00e7in daha sokaklara \u00e7\u0131kmaya \u00e7a\u011f\u0131r\u0131yoruz.<\/p>\n\n\n\n<p><strong>Hem kuir ve hem antifa\u015fist!<\/strong><\/p>\n\n\n\n<p>Kuir olmak, yaln\u0131zca birka\u00e7 harfi bir araya getirmekten ibaret de\u011fil &#8211; lezbiyenlerden, geylerden, inter ve trans bireylerden ibaret de\u011fil, kuirlik. Kuir d\u00fc\u015f\u00fcnmek ve ya\u015famak, normatif yap\u0131lara kar\u015f\u0131 \u00e7\u0131kmak demek ve bu, toplumsal stat\u00fcleri sorgulaman\u0131n etkili bir yolu. Heteroseks\u00fcelli\u011fi norm(-al) olarak d\u00fc\u015f\u00fcnmek, sence de \u00e7ok sa\u00e7ma de\u011fil mi? Kad\u0131n ve erkekten olu\u015fan \u00e7ekirdek aileyi m\u00fcmk\u00fcn olan tek yap\u0131 olarak anlamak, her \u015feyden \u00f6nce olduk\u00e7a s\u0131k\u0131c\u0131! Sadece iki renkten olu\u015fan bir d\u00fcnya: Siyah ve beyaz, erkek ve kad\u0131n &#8211; art\u0131k anlatmak ve dinlemek istemedi\u011fimiz bir peri masal\u0131!<\/p>\n\n\n\n<p>Bizim akl\u0131m\u0131zda \u00e7ok daha fazlas\u0131 var: Herkesin g\u00fcven i\u00e7inde ya\u015fayabilece\u011fi bir d\u00fcnya. Kimsenin dar cinsiyet normlar\u0131na zorlanmad\u0131\u011f\u0131 bir d\u00fcnya. \u0130nsanlar\u0131n kimi, nas\u0131l isterlerse \u00f6yle sevebilece\u011fi bir d\u00fcnya. Herkesin istedi\u011fi yerde ya\u015fay\u0131p ihtiya\u00e7 duydu\u011fu bak\u0131m\u0131 g\u00f6rebilece\u011fi bir d\u00fcnya. Herkesin daha iyi bir toplumun par\u00e7as\u0131 olmak hakk\u0131na sahip oldu\u011fu bir d\u00fcnya. Kimsenin arkada b\u0131rak\u0131lmad\u0131\u011f\u0131, dayan\u0131\u015fman\u0131n b\u00fcy\u00fck harflerle yaz\u0131ld\u0131\u011f\u0131 bir d\u00fcnya. Tarihten ald\u0131\u011f\u0131 dersin \u00fczerine kurulmu\u015f s\u0131n\u0131fs\u0131z bir toplum &#8211; her bireyin ayr\u0131ca parlayabilece\u011fi g\u00fc\u00e7lendirici bir toplum.&nbsp;<\/p>\n\n\n\n<p>Antifa\u015fizm de bizim i\u00e7in ne yaln\u0131zca g\u00fczel \u00e7a\u011fr\u0131\u015f\u0131mlar\u0131 olan bir s\u00f6zc\u00fck ne de yaln\u0131zca tarihe bir referans. Antifa\u015fizm, bizim bug\u00fcnde kurdu\u011fumuz bir yan\u0131t, kendimize dair buldu\u011fumuz bir tan\u0131mlama. Bu yan\u0131t\u0131n ilk adresi, giderek g\u00fc\u00e7lenen insanl\u0131k d\u00fc\u015fmanl\u0131\u011f\u0131. Nazilerin, fa\u015fistlerin ve bilumum sa\u011fc\u0131 insanl\u0131k d\u00fc\u015fmanlar\u0131n\u0131n tehlikeli faaliyetlerine kar\u015f\u0131 m\u00fcmk\u00fcn olan tek yan\u0131t, antifa\u015fizmdir. Antifa\u015fizm, hayalini kurdu\u011fumuz d\u00fcnyan\u0131n bir \u00f6nko\u015fuludur.<\/p>\n\n\n\n<p>D\u00fcnyam\u0131z tehdit alt\u0131nda, \u00e7\u00fcnk\u00fc hayat\u0131m\u0131z (uzuvlar\u0131m\u0131za var\u0131ncaya de\u011fin) tehdit alt\u0131nda. Nazi nefreti ve ajitasyonu parlamentolarda, medyada ve sokaklar\u0131m\u0131zda kendisine giderek daha fazla yer buluyor. Sa\u011fc\u0131 ideolojiler, a\u015f\u0131r\u0131 erkeklik ve \u0131rk\u00e7\u0131l\u0131k, ba\u015fka ve daha iyi bir d\u00fcnya \u00f6zlemini bo\u011fmaya \u00e7al\u0131\u015f\u0131yor.<\/p>\n\n\n\n<p>Bizim i\u00e7in kuir olmak ile antifa\u015fist olmak, bir ve ayn\u0131 \u015feydir! M\u00fccadelemiz bir ve ayn\u0131!<\/p>\n\n\n\n<p><strong>Bu nedenle diyoruz ki: &#8222;Unite!&#8220; &#8211; Birle\u015fin, birle\u015felim!<\/strong><\/p>\n\n\n\n<p>\u00c7a\u011fr\u0131m\u0131z bizi duyan herkese: Her g\u00fcn\u00fcm\u00fcze bula\u015fan kuir d\u00fc\u015fmanl\u0131\u011f\u0131na, y\u00fckselen kiralara, emek s\u00f6m\u00fcr\u00fcs\u00fcne, soka\u011fa at\u0131lmaya, s\u0131n\u0131rd\u0131\u015f\u0131lara ve yap\u0131sal \u015fiddete yaln\u0131z ba\u015f\u0131na kar\u015f\u0131 koymak, bunlarla tek tek m\u00fccadele etmek m\u00fcmk\u00fcn de\u011fil. Nazileri parlamentolardan ve sokaklardan s\u00f6k\u00fcp atmaya da bir ba\u015f\u0131na \u00e7a\u011fr\u0131lar yapan sesler yetmeyecektir &#8211; ama bu sesler \u00e7o\u011fal\u0131r ve birle\u015firse kazanaca\u011f\u0131z!<\/p>\n\n\n\n<p><strong>Bu nedenle diyoruz ki: &#8222;Resist!&#8220; &#8211; Direnin, direnelim!<\/strong><\/p>\n\n\n\n<p>Bu ko\u015fullara kar\u015f\u0131 direni\u015fi \u00f6rg\u00fctlemeliyiz. Irk\u00e7\u0131l\u0131\u011fa maruz kalan i\u015f arkada\u015f\u0131n\u0131zla dayan\u0131\u015fma i\u00e7inde olun. Mek\u00e2nlar\u0131 i\u015fgal edin, grev yap\u0131n, s\u0131n\u0131rd\u0131\u015f\u0131lar\u0131 ve Nazi y\u00fcr\u00fcy\u00fc\u015flerini engelleyin. Okuyun, ele\u015ftirel d\u00fc\u015f\u00fcnmeyi \u00f6\u011frenin, yapmaya\/eylemeye ba\u015flay\u0131n. Dayan\u0131\u015fmay\u0131 b\u00fcy\u00fct\u00fcn, bir araya gelin. Ortak gelece\u011fimiz ancak b\u00f6yle ger\u00e7e\u011fe d\u00f6n\u00fc\u015febilir.<\/p>\n\n\n\n<p><strong>Bu nedenle diyoruz ki: &#8222;JOIN OUR FIGHT &#8211; JOIN THE PRIDE!&#8220; &#8211; Kavgam\u0131za kat\u0131l\u0131n, Onur Y\u00fcr\u00fcy\u00fc\u015f\u00fcm\u00fcze kat\u0131l\u0131n!<\/strong><\/p>\n","protected":false},"excerpt":{"rendered":"<p>KU\u0130R VE ANT\u0130FA\u015e\u0130ST &#8211; Birle\u015fin, direnin! Onur Y\u00fcr\u00fcy\u00fc\u015f\u00fcne sen de kat\u0131l! Dresden&#8217;den d\u00f6rt y\u0131ld\u0131r bol g\u00fcr\u00fclt\u00fcl\u00fc, \u00e7ok renkli, \u00f6fkeli, kararl\u0131, seksi, \u015fefkatli, m\u00fccadeleci ve kuir sesler y\u00fckseliyor! Kuirleri ve m\u00fcttefiklerini, hepinizi, kuir ve antifa\u015fist ortak bir onur y\u00fcr\u00fcy\u00fc\u015f\u00fc i\u00e7in daha sokaklara \u00e7\u0131kmaya \u00e7a\u011f\u0131r\u0131yoruz. Hem kuir ve hem antifa\u015fist! Kuir olmak, yaln\u0131zca birka\u00e7 harfi bir araya <a href=\"https:\/\/www.queerpridedd.org\/index.php\/tr\/queer-pride-dresden-2024-11\/\" class=\"more-link\">&#8230;<span class=\"screen-reader-text\">  Queer Pride Dresden 2024<\/span><\/a><\/p>\n","protected":false},"author":1,"featured_media":0,"parent":0,"menu_order":0,"comment_status":"closed","ping_status":"closed","template":"","meta":{"footnotes":""},"class_list":["post-1157","page","type-page","status-publish","hentry"],"_links":{"self":[{"href":"https:\/\/www.queerpridedd.org\/index.php\/wp-json\/wp\/v2\/pages\/1157","targetHints":{"allow":["GET"]}}],"collection":[{"href":"https:\/\/www.queerpridedd.org\/index.php\/wp-json\/wp\/v2\/pages"}],"about":[{"href":"https:\/\/www.queerpridedd.org\/index.php\/wp-json\/wp\/v2\/types\/page"}],"author":[{"embeddable":true,"href":"https:\/\/www.queerpridedd.org\/index.php\/wp-json\/wp\/v2\/users\/1"}],"replies":[{"embeddable":true,"href":"https:\/\/www.queerpridedd.org\/index.php\/wp-json\/wp\/v2\/comments?post=1157"}],"version-history":[{"count":1,"href":"https:\/\/www.queerpridedd.org\/index.php\/wp-json\/wp\/v2\/pages\/1157\/revisions"}],"predecessor-version":[{"id":1158,"href":"https:\/\/www.queerpridedd.org\/index.php\/wp-json\/wp\/v2\/pages\/1157\/revisions\/1158"}],"wp:attachment":[{"href":"https:\/\/www.queerpridedd.org\/index.php\/wp-json\/wp\/v2\/media?parent=1157"}],"curies":[{"name":"wp","href":"https:\/\/api.w.org\/{rel}","templated":true}]}}