{"id":1135,"date":"2024-05-12T11:58:59","date_gmt":"2024-05-12T09:58:59","guid":{"rendered":"https:\/\/www.queerpridedd.org\/?page_id=1135"},"modified":"2024-05-12T11:58:59","modified_gmt":"2024-05-12T09:58:59","slug":"queer-pride-dresden-2024-6","status":"publish","type":"page","link":"https:\/\/www.queerpridedd.org\/index.php\/cs\/queer-pride-dresden-2024-6\/","title":{"rendered":"Queer Pride Dresden 2024"},"content":{"rendered":"\n<p>QUEER AND ANTIFASCIST &#8211; unite and resist!<\/p>\n\n\n\n<p>P\u0159idejte se k Pride 2024!<\/p>\n\n\n\n<p>\u010cty\u0159i roky Queer Pride v Dr\u00e1\u017e\u010fanech. \u010cty\u0159i roky hlasit\u00fdch, barevn\u00fdch, na\u0161tvan\u00fdch, odhodlan\u00fdch, sexy, n\u011b\u017en\u00fdch, bojovn\u00fdch, queer hlas\u016f z Dr\u00e1\u017e\u010fan! Ji\u017e po\u010dtvrt\u00e9 v\u00e1s v\u0161echny, queery a spojence, vyz\u00fdv\u00e1me, abyste vy\u0161li do ulic na spole\u010dn\u00fd queer a antifa\u0161istick\u00fd Pride.<\/p>\n\n\n\n<p>Queernost a antifa\u0161ismus &#8211; pat\u0159\u00ed k sob\u011b!<\/p>\n\n\n\n<p>Queerness nen\u00ed jen soubor p\u00edsmen, nejsou to jen lesby, bisexu\u00e1lov\u00e9, gayov\u00e9, inter a trans lid\u00e9. Znamen\u00e1 to myslet a \u017e\u00edt queer. Znamen\u00e1 to j\u00edt proti proudu normativn\u00edch struktur. Je to zp\u016fsob zpochyb\u0148ov\u00e1n\u00ed spole\u010densk\u00e9ho statusu quo. Proto\u017ee nastaven\u00ed heterosexuality jako normy p\u016fsob\u00ed zapr\u00e1\u0161en\u011b. Ch\u00e1p\u00e1n\u00ed nukle\u00e1rn\u00ed rodiny s mu\u017eem a \u017eenou jako jedin\u00e9 mo\u017en\u00e9 konstelace zav\u00e1n\u00ed nudou! Sv\u011bt pouze ve dvou barv\u00e1ch &#8211; \u010dern\u00e9 a b\u00edl\u00e9, mu\u017e a \u017eena &#8211; je poh\u00e1dka, kterou u\u017e nejsme ochotni vypr\u00e1v\u011bt.<\/p>\n\n\n\n<p>M\u00e1me toho na mysli mnohem v\u00edce: Sv\u011bt, ve kter\u00e9m m\u016f\u017ee ka\u017ed\u00fd \u017e\u00edt bezpe\u010dn\u011b! Sv\u011bt, ve kter\u00e9m nikdo nen\u00ed nucen dodr\u017eovat \u00fazk\u00e9 genderov\u00e9 normy. Sv\u011bt, ve kter\u00e9m lid\u00e9 mohou milovat, jak a koho cht\u011bj\u00ed. Ve kter\u00e9m mohou \u017e\u00edt tam, kde cht\u011bj\u00ed, a dost\u00e1vat p\u00e9\u010di, kterou pot\u0159ebuj\u00ed. Ve kter\u00e9m m\u00e1 ka\u017ed\u00fd pr\u00e1vo b\u00fdt sou\u010d\u00e1st\u00ed lep\u0161\u00ed spole\u010dnosti. Sou\u010d\u00e1st\u00ed spole\u010dnosti zalo\u017een\u00e9 na solidarit\u011b, kter\u00e1 nikoho nenech\u00e1v\u00e1 pozadu. Sou\u010d\u00e1st\u00ed bezt\u0159\u00eddn\u00ed spole\u010dnosti, kter\u00e1 se u\u010d\u00ed z historie. A sou\u010d\u00e1st\u00ed spole\u010dnosti, kter\u00e1 posiluje postaven\u00ed a v n\u00ed\u017e m\u016f\u017ee zaz\u00e1\u0159it ka\u017ed\u00fd \u010dlov\u011bk.<\/p>\n\n\n\n<p>Antifa\u0161ismus pro n\u00e1s nen\u00ed jen hezk\u00e9 slovo. Nen\u00ed to jen historick\u00fd odkaz na soci\u00e1ln\u00ed hnut\u00ed. Je to reakce a sebepopis. Je to odpov\u011b\u010f na st\u00e1le misantropi\u010dt\u011bj\u0161\u00ed v\u00fdvoj. Je to jedin\u00e1 mo\u017en\u00e1 reakce na nebezpe\u010dn\u00e9 aktivity nacist\u016f, fa\u0161ist\u016f a pravicov\u00fdch misantrop\u016f. Antifa\u0161ismus je p\u0159edpokladem pro sv\u011bt, o kter\u00e9m sn\u00edme.&nbsp;<\/p>\n\n\n\n<p>Sv\u011bta, kter\u00fd je ohro\u017een, proto\u017ee je ohro\u017een i n\u00e1\u0161 \u017eivot a zdrav\u00ed. Proto\u017ee nacistick\u00e1 agitace a nen\u00e1vist z\u00edsk\u00e1v\u00e1 oporu v parlamentech, m\u00e9di\u00edch i na na\u0161ich ulic\u00edch.<\/p>\n\n\n\n<p>Pravicov\u00e1 ideologie neponech\u00e1v\u00e1 \u017e\u00e1dn\u00fd prostor pro sv\u011bt mimo p\u0159ehnan\u00e9 p\u0159edstavy o mu\u017enosti a rasismu.<\/p>\n\n\n\n<p>B\u00fdt queer a b\u00fdt antifa\u0161istou je pro n\u00e1s jedna a tat\u00e1\u017e v\u011bc. Je to boj!&nbsp;<\/p>\n\n\n\n<p>Proto \u0159\u00edk\u00e1me: &#8222;Spojte se!&#8220; &#8211; spojte se! To je to, co m\u00e1me na mysli jako v\u00fdzvu. Jednotliv\u011b a osamocen\u011b se n\u00e1m nepoda\u0159\u00ed vyhl\u00e1sit v\u00e1lku ka\u017edodenn\u00ed queer nevra\u017eivosti, nadsazen\u00fdm n\u00e1jm\u016fm, pracovn\u00edmu vyko\u0159is\u0165ov\u00e1n\u00ed, vyst\u011bhov\u00e1v\u00e1n\u00ed, deportac\u00edm a struktur\u00e1ln\u00edmu n\u00e1sil\u00ed. Osamocen\u00fdm hlasem se n\u00e1m nepoda\u0159\u00ed vytla\u010dit nacisty z parlament\u016f a z ulic. Ale s mnoha lidmi se to poda\u0159\u00ed!<\/p>\n\n\n\n<p>Proto \u0159\u00edk\u00e1me: &#8222;Vzdorujte!&#8220;. &#8211; Vzdorujte t\u011bmto podm\u00ednk\u00e1m. Postavte se solid\u00e1rn\u011b po bok barevn\u00e9ho kolegy. Okupujte prostory, st\u00e1vkujte, blokujte deportace a pochody nacist\u016f. Vzd\u011bl\u00e1vejte se, tr\u00e9nujte sv\u00e9 kritick\u00e9 my\u0161len\u00ed, za\u010dn\u011bte jednat. Projevte solidaritu, spojte s\u00edly. Jedin\u011b tak se n\u00e1m poda\u0159\u00ed dos\u00e1hnout \u00fasp\u011bchu v budoucnosti!<\/p>\n\n\n\n<p>Proto \u0159\u00edk\u00e1me: P\u0158IDEJTE SE K NA\u0160EMU BOJI &#8211; P\u0158IPOJTE SE K HRDOSTI!<\/p>\n","protected":false},"excerpt":{"rendered":"<p>QUEER AND ANTIFASCIST &#8211; unite and resist! P\u0159idejte se k Pride 2024! \u010cty\u0159i roky Queer Pride v Dr\u00e1\u017e\u010fanech. \u010cty\u0159i roky hlasit\u00fdch, barevn\u00fdch, na\u0161tvan\u00fdch, odhodlan\u00fdch, sexy, n\u011b\u017en\u00fdch, bojovn\u00fdch, queer hlas\u016f z Dr\u00e1\u017e\u010fan! Ji\u017e po\u010dtvrt\u00e9 v\u00e1s v\u0161echny, queery a spojence, vyz\u00fdv\u00e1me, abyste vy\u0161li do ulic na spole\u010dn\u00fd queer a antifa\u0161istick\u00fd Pride. Queernost a antifa\u0161ismus &#8211; pat\u0159\u00ed k <a href=\"https:\/\/www.queerpridedd.org\/index.php\/cs\/queer-pride-dresden-2024-6\/\" class=\"more-link\">&#8230;<span class=\"screen-reader-text\">  Queer Pride Dresden 2024<\/span><\/a><\/p>\n","protected":false},"author":1,"featured_media":0,"parent":0,"menu_order":0,"comment_status":"closed","ping_status":"closed","template":"","meta":{"footnotes":""},"class_list":["post-1135","page","type-page","status-publish","hentry"],"_links":{"self":[{"href":"https:\/\/www.queerpridedd.org\/index.php\/wp-json\/wp\/v2\/pages\/1135","targetHints":{"allow":["GET"]}}],"collection":[{"href":"https:\/\/www.queerpridedd.org\/index.php\/wp-json\/wp\/v2\/pages"}],"about":[{"href":"https:\/\/www.queerpridedd.org\/index.php\/wp-json\/wp\/v2\/types\/page"}],"author":[{"embeddable":true,"href":"https:\/\/www.queerpridedd.org\/index.php\/wp-json\/wp\/v2\/users\/1"}],"replies":[{"embeddable":true,"href":"https:\/\/www.queerpridedd.org\/index.php\/wp-json\/wp\/v2\/comments?post=1135"}],"version-history":[{"count":1,"href":"https:\/\/www.queerpridedd.org\/index.php\/wp-json\/wp\/v2\/pages\/1135\/revisions"}],"predecessor-version":[{"id":1136,"href":"https:\/\/www.queerpridedd.org\/index.php\/wp-json\/wp\/v2\/pages\/1135\/revisions\/1136"}],"wp:attachment":[{"href":"https:\/\/www.queerpridedd.org\/index.php\/wp-json\/wp\/v2\/media?parent=1135"}],"curies":[{"name":"wp","href":"https:\/\/api.w.org\/{rel}","templated":true}]}}