{"id":1129,"date":"2024-05-12T11:56:40","date_gmt":"2024-05-12T09:56:40","guid":{"rendered":"https:\/\/www.queerpridedd.org\/?page_id=1129"},"modified":"2024-05-12T11:56:41","modified_gmt":"2024-05-12T09:56:41","slug":"queer-pride-dresden-2024-3","status":"publish","type":"page","link":"https:\/\/www.queerpridedd.org\/index.php\/fr\/queer-pride-dresden-2024-3\/","title":{"rendered":"Queer Pride Dresden 2024"},"content":{"rendered":"\n<p>QUEER AND ANTIFASCIST &#8211; unissez-vous et r\u00e9sistez !<\/p>\n\n\n\n<p>Rejoignez la Pride 2024 !<\/p>\n\n\n\n<p>Quatre ans de Queer Pride \u00e0 Dresde. Quatre ann\u00e9es de voix queers fortes, color\u00e9es, en col\u00e8re, d\u00e9termin\u00e9es, sexy, tendres, combatives et queer de Dresde ! Pour la quatri\u00e8me fois, nous vous appelons tous, Queers et Alli\u00e9.e.s, \u00e0 descendre dans la rue pour une Pride queer et antifasciste commune.<\/p>\n\n\n\n<p>Queerness et antifascisme sont indissociables !<\/p>\n\n\n\n<p>La queeritude, ce n&#8217;est pas simplement un ensemble de lettres, ce n&#8217;est pas seulement les lesbiennes, les bisexuels, les gays, les personnes inter et trans. Cela signifie penser et vivre en tant que queer. C&#8217;est aller \u00e0 l&#8217;encontre des structures normatives. C&#8217;est une mani\u00e8re de remettre en question le status quo social. Car faire de l&#8217;h\u00e9t\u00e9rosexualit\u00e9 comme la norme, c&#8217;est d\u00e9pass\u00e9. Consid\u00e9rer la famille nucl\u00e9aire avec une maman et un papa comme la seule constellation possible, \u00e7a sent le moisi ! Le monde en seulement deux couleurs &#8211; noir et blanc, homme et femme &#8211; c&#8217;est un conte de f\u00e9es que nous ne sommes plus dispos\u00e9s \u00e0 raconter.<\/p>\n\n\n\n<p>Nous avons des projets bien plus ambitieux : Un monde dans lequel tout le monde peut vivre en s\u00e9curit\u00e9 ! Un monde dans lequel personne n&#8217;est contraint \u00e0 des normes de genre \u00e9troites. Un monde dans lequel chacun.e.s peut aimer comme et qui iel veut. Un monde dans lequel nous pouvons vivre o\u00f9 bon nous semble et recevoir les soins dont nous avons besoin. Un monde dans lequel chacun.e a le droit de faire partie d&#8217;une soci\u00e9t\u00e9 meilleure. D&#8217;une soci\u00e9t\u00e9 solidaire, d&#8217;une soci\u00e9t\u00e9 qui ne laisse personne derri\u00e8re elle. Une soci\u00e9t\u00e9 sans classe qui tire les le\u00e7ons de l&#8217;histoire. Et d&#8217;une soci\u00e9t\u00e9 qui donne du pouvoir, dans laquelle chaque individu peut briller.<\/p>\n\n\n\n<p>Pour nous, l&#8217;antifascisme n&#8217;est pas simplement un beau mot. Ce n&#8217;est pas seulement une r\u00e9f\u00e9rence historique aux mouvements sociaux. C&#8217;est une r\u00e9ponse et une description de soi. C&#8217;est une r\u00e9ponse \u00e0 la pr\u00e9dication croissante de la haine. Il s&#8217;agit de la seule r\u00e9action possible aux agissements dangereux des nazis, des fascistes et des nouveaux humanophobes de droite. L&#8217;antifascisme est une condition pr\u00e9alable pour le monde dont nous r\u00eavons.&nbsp;<\/p>\n\n\n\n<p>Un monde qui est menac\u00e9 parce que notre corps et notre vie sont \u00e9galement menac\u00e9s. Parce que la haine des nazis s&#8217;enracinent dans les parlements, les m\u00e9dias et nos rues.<\/p>\n\n\n\n<p>L&#8217;id\u00e9ologie de droite ne laisse aucune marge de man\u0153uvre pour un monde au-del\u00e0 de la masculinit\u00e9 exacerb\u00e9e et du racisme.<\/p>\n\n\n\n<p>\u00catre queer et \u00eatre antifasciste, c&#8217;est pour nous une seule et m\u00eame chose. C&#8217;est un combat !&nbsp;<\/p>\n\n\n\n<p>C&#8217;est pourquoi nous disons : &#8222;Unit\u00e9 ! &#8211; unissez-vous ! Seuls et isol\u00e9s, nous ne parviendrons pas lutter contre la queerophobie quotidienne, les loyers exorbitants, l&#8217;exploitation au travail, les expulsions, les d\u00e9portations et \u00e0 la violence structurelle. Ce n&#8217;est pas avec une voix solitaire que l&#8217;on parviendra \u00e0 chasser les nazis des parlements et de la rue. Mais \u00e0 plusieurs, nous y parviendrons !<\/p>\n\n\n\n<p>C&#8217;est pourquoi nous disons : &#8222;R\u00e9sistez ! &#8211; r\u00e9sistez contre ces conditions. Soyez solidaires de votre coll\u00e8gue racis\u00e9.e. Occupez des locaux, faites la gr\u00e8ve, bloquez les expulsions et les d\u00e9fil\u00e9s nazis. Lisez, formez votre esprit critique, commencez \u00e0 agir. Montrez-vous solidaires, unissez-vous. C&#8217;est la seule fa\u00e7on de r\u00e9ussir notre avenir !<\/p>\n\n\n\n<p>C&#8217;est pourquoi nous disons : JOIN OUR FIGHT &#8211; JOIN THE PRIDE !<\/p>\n","protected":false},"excerpt":{"rendered":"<p>QUEER AND ANTIFASCIST &#8211; unissez-vous et r\u00e9sistez ! Rejoignez la Pride 2024 ! Quatre ans de Queer Pride \u00e0 Dresde. Quatre ann\u00e9es de voix queers fortes, color\u00e9es, en col\u00e8re, d\u00e9termin\u00e9es, sexy, tendres, combatives et queer de Dresde ! Pour la quatri\u00e8me fois, nous vous appelons tous, Queers et Alli\u00e9.e.s, \u00e0 descendre dans la rue pour <a href=\"https:\/\/www.queerpridedd.org\/index.php\/fr\/queer-pride-dresden-2024-3\/\" class=\"more-link\">&#8230;<span class=\"screen-reader-text\">  Queer Pride Dresden 2024<\/span><\/a><\/p>\n","protected":false},"author":1,"featured_media":0,"parent":0,"menu_order":0,"comment_status":"closed","ping_status":"closed","template":"","meta":{"footnotes":""},"class_list":["post-1129","page","type-page","status-publish","hentry"],"_links":{"self":[{"href":"https:\/\/www.queerpridedd.org\/index.php\/wp-json\/wp\/v2\/pages\/1129","targetHints":{"allow":["GET"]}}],"collection":[{"href":"https:\/\/www.queerpridedd.org\/index.php\/wp-json\/wp\/v2\/pages"}],"about":[{"href":"https:\/\/www.queerpridedd.org\/index.php\/wp-json\/wp\/v2\/types\/page"}],"author":[{"embeddable":true,"href":"https:\/\/www.queerpridedd.org\/index.php\/wp-json\/wp\/v2\/users\/1"}],"replies":[{"embeddable":true,"href":"https:\/\/www.queerpridedd.org\/index.php\/wp-json\/wp\/v2\/comments?post=1129"}],"version-history":[{"count":1,"href":"https:\/\/www.queerpridedd.org\/index.php\/wp-json\/wp\/v2\/pages\/1129\/revisions"}],"predecessor-version":[{"id":1130,"href":"https:\/\/www.queerpridedd.org\/index.php\/wp-json\/wp\/v2\/pages\/1129\/revisions\/1130"}],"wp:attachment":[{"href":"https:\/\/www.queerpridedd.org\/index.php\/wp-json\/wp\/v2\/media?parent=1129"}],"curies":[{"name":"wp","href":"https:\/\/api.w.org\/{rel}","templated":true}]}}